{"id":144,"date":"2024-07-10T17:08:01","date_gmt":"2024-07-10T15:08:01","guid":{"rendered":"http:\/\/192.168.7.45:8000\/?page_id=144"},"modified":"2024-09-12T17:37:48","modified_gmt":"2024-09-12T15:37:48","slug":"mentions-legales-protection-des-donnees-personnelles-rgpd","status":"publish","type":"page","link":"https:\/\/ayrilys.com\/index.php\/mentions-legales-protection-des-donnees-personnelles-rgpd\/","title":{"rendered":"Mentions l\u00e9gales &#8211; Protection des donn\u00e9es personnelles RGPD"},"content":{"rendered":"\n<p>DONNEES PERSONNELLES<br>Avertissement<br>Ce texte sera ult\u00e9rieurement compl\u00e9t\u00e9 par l\u2019information concernant les directives relatives au sort des donn\u00e9es \u00e0 caract\u00e8re personnel apr\u00e8s la mort (article 32-I-6\u00b0 de la loi du 6 janvier 1978 modifi\u00e9e).<\/p>\n\n\n\n<p>Les informations recueillies dans ce formulaire sont enregistr\u00e9es dans un fichier informatis\u00e9 par Ayrilys pour la gestion du suivi de votre demande.<br>Elles sont conserv\u00e9es pendant 1 an et sont destin\u00e9es au service commercial.<br>Conform\u00e9ment \u00e0 la directive Europ\u00e9enne RGPD (R\u00e8glement G\u00e9n\u00e9ral sur la Protection des Donn\u00e9es), vous pouvez exercer votre droit d\u2019acc\u00e8s aux donn\u00e9es vous concernant et les faire rectifier en contactant : service commercial, 84 bis avenue du G\u00e9n\u00e9ral Leclerc 78220 Viroflay ou en utilisant le formulaire de contact du site http:\/\/www.ayrilys.com\/<\/p>\n\n\n\n<p>Nous ne vendons, louons ou communiquons pas aux tiers les donn\u00e9es personnelles (nom, adresse, num\u00e9ros de t\u00e9l\u00e9phone, de fax ou adresse e-mail) fournies par les personnes qui visitent ce site.<br>Droit d\u2019acc\u00e8s au fichier informatis\u00e9 :<br>Tout utilisateur ayant d\u00e9pos\u00e9 dans le service des informations directement ou indirectement nominatives peut demander la communication des informations nominatives le concernant \u00e0 l\u2019administrateur du service et les faire rectifier le cas \u00e9ch\u00e9ant, conform\u00e9ment \u00e0 la loi fran\u00e7aise No 78-17 du 6 janvier 1978 relative \u00e0 l\u2019informatique, aux fichiers et aux libert\u00e9s.<\/p>\n\n\n\n<p>INFORMATIONS TECHNIQUES \u2013 LIMITATION DE RESPONSABILIT\u00c9<br>L\u2019ensemble des soci\u00e9t\u00e9s ayant contribu\u00e9 \u00e0 la cr\u00e9ation et \u00e0 la mise en place de votre site ne peut \u00eatre tenu pour responsable d\u2019\u00e9ventuels dommages, directs ou indirects, pouvant d\u00e9couler de votre acc\u00e8s ou de l\u2019utilisation de ce site.<\/p>\n\n\n\n<p>DROITS D\u2019AUTEURS<br>L\u2019ensemble des textes et illustrations pr\u00e9sents sur ce site sont sujets aux droits d\u2019auteurs. Leur reproduction pour des utilisations personnelles est accept\u00e9e mais leur modification ou diffusion non autoris\u00e9e est interdite.<\/p>\n\n\n\n<p>MARQUES<br>Les marques commerciales cit\u00e9es dans ce site sont des marques d\u00e9pos\u00e9es. Toute repr\u00e9sentation et\/ou reproduction et\/ou exploitation partielle ou totale de ces marques est donc prohib\u00e9e.<\/p>\n\n\n\n<p>LIENS HYPERTEXTES<br>Ayrilys ne contr\u00f4le pas les sites en connexion avec le sien, et ne saurait donc \u00eatre responsable de leur contenu. Les risques li\u00e9s \u00e0 l\u2019utilisation de ces sites incombent pleinement \u00e0 l\u2019utilisateur. Il se conformera \u00e0 leurs conditions d\u2019utilisation.<\/p>\n","protected":false},"excerpt":{"rendered":"<p>DONNEES PERSONNELLESAvertissementCe texte sera ult\u00e9rieurement compl\u00e9t\u00e9 par l\u2019information concernant les directives relatives au sort des donn\u00e9es \u00e0 caract\u00e8re personnel apr\u00e8s la mort (article 32-I-6\u00b0 de la loi du 6 janvier 1978 modifi\u00e9e). Les informations recueillies dans ce formulaire sont enregistr\u00e9es dans un fichier informatis\u00e9 par Ayrilys pour la gestion du suivi de votre demande.Elles sont&#8230;<\/p>\n","protected":false},"author":1,"featured_media":0,"parent":0,"menu_order":0,"comment_status":"closed","ping_status":"closed","template":"","meta":{"_kadence_starter_templates_imported_post":false,"_kad_post_transparent":"","_kad_post_title":"","_kad_post_layout":"","_kad_post_sidebar_id":"","_kad_post_content_style":"","_kad_post_vertical_padding":"","_kad_post_feature":"","_kad_post_feature_position":"","_kad_post_header":false,"_kad_post_footer":false,"_kad_post_classname":"","footnotes":""},"class_list":["post-144","page","type-page","status-publish","hentry"],"yoast_head":"<!-- This site is optimized with the Yoast SEO Premium plugin v25.8 (Yoast SEO v26.0) - https:\/\/yoast.com\/wordpress\/plugins\/seo\/ -->\r\n<title>Prestataire informatique : Gestion des donn\u00e9es personnelles - Prestataire informatique Viroflay en r\u00e9gion parisienne depuis 2003 pour les PME\/PMI<\/title>\r\n<meta name=\"description\" content=\"D\u00e9couvrez les directives relatives aux donn\u00e9es personnelles apr\u00e8s la mort et la gestion des donn\u00e9es par Ayrilys, prestataire informatique.\" \/>\r\n<meta name=\"robots\" content=\"index, follow, max-snippet:-1, max-image-preview:large, max-video-preview:-1\" \/>\r\n<link rel=\"canonical\" href=\"https:\/\/ayrilys.com\/index.php\/mentions-legales-protection-des-donnees-personnelles-rgpd\/\" \/>\r\n<meta property=\"og:locale\" content=\"fr_FR\" \/>\r\n<meta property=\"og:type\" content=\"article\" \/>\r\n<meta property=\"og:title\" content=\"Mentions l\u00e9gales - Protection des donn\u00e9es personnelles RGPD\" \/>\r\n<meta property=\"og:description\" content=\"D\u00e9couvrez les directives relatives aux donn\u00e9es personnelles apr\u00e8s la mort et la gestion des donn\u00e9es par Ayrilys, prestataire informatique.\" \/>\r\n<meta property=\"og:url\" content=\"https:\/\/ayrilys.com\/index.php\/mentions-legales-protection-des-donnees-personnelles-rgpd\/\" \/>\r\n<meta property=\"og:site_name\" content=\"Prestataire informatique Viroflay en r\u00e9gion parisienne depuis 2003 pour les PME\/PMI\" \/>\r\n<meta property=\"article:publisher\" content=\"https:\/\/www.facebook.com\/profile.php?id=61563219240658\" \/>\r\n<meta property=\"article:modified_time\" content=\"2024-09-12T15:37:48+00:00\" \/>\r\n<meta property=\"og:image\" content=\"https:\/\/ayrilys.com\/wp-content\/uploads\/2024\/07\/Ayrilysentete.jpg\" \/>\r\n\t<meta property=\"og:image:width\" content=\"988\" \/>\r\n\t<meta property=\"og:image:height\" content=\"222\" \/>\r\n\t<meta property=\"og:image:type\" content=\"image\/jpeg\" \/>\r\n<meta name=\"twitter:card\" content=\"summary_large_image\" \/>\r\n<meta name=\"twitter:site\" content=\"@Ayrilys165097\" \/>\r\n<meta name=\"twitter:label1\" content=\"Dur\u00e9e de lecture estim\u00e9e\" \/>\n\t<meta name=\"twitter:data1\" content=\"2 minutes\" \/>\r\n<script type=\"application\/ld+json\" class=\"yoast-schema-graph\">{\"@context\":\"https:\/\/schema.org\",\"@graph\":[{\"@type\":\"WebPage\",\"@id\":\"https:\/\/ayrilys.com\/index.php\/mentions-legales-protection-des-donnees-personnelles-rgpd\/\",\"url\":\"https:\/\/ayrilys.com\/index.php\/mentions-legales-protection-des-donnees-personnelles-rgpd\/\",\"name\":\"Prestataire informatique : Gestion des donn\u00e9es personnelles - Prestataire informatique Viroflay en r\u00e9gion parisienne depuis 2003 pour les PME\/PMI\",\"isPartOf\":{\"@id\":\"https:\/\/ayrilys.com\/#website\"},\"datePublished\":\"2024-07-10T15:08:01+00:00\",\"dateModified\":\"2024-09-12T15:37:48+00:00\",\"description\":\"D\u00e9couvrez les directives relatives aux donn\u00e9es personnelles apr\u00e8s la mort et la gestion des donn\u00e9es par Ayrilys, prestataire informatique.\",\"breadcrumb\":{\"@id\":\"https:\/\/ayrilys.com\/index.php\/mentions-legales-protection-des-donnees-personnelles-rgpd\/#breadcrumb\"},\"inLanguage\":\"fr-FR\",\"potentialAction\":[{\"@type\":\"ReadAction\",\"target\":[\"https:\/\/ayrilys.com\/index.php\/mentions-legales-protection-des-donnees-personnelles-rgpd\/\"]}]},{\"@type\":\"BreadcrumbList\",\"@id\":\"https:\/\/ayrilys.com\/index.php\/mentions-legales-protection-des-donnees-personnelles-rgpd\/#breadcrumb\",\"itemListElement\":[{\"@type\":\"ListItem\",\"position\":1,\"name\":\"Accueil\",\"item\":\"https:\/\/ayrilys.com\/\"},{\"@type\":\"ListItem\",\"position\":2,\"name\":\"Mentions l\u00e9gales &#8211; Protection des donn\u00e9es personnelles RGPD\"}]},{\"@type\":\"WebSite\",\"@id\":\"https:\/\/ayrilys.com\/#website\",\"url\":\"https:\/\/ayrilys.com\/\",\"name\":\"Ayrilys prestataire informatique infog\u00e9rance PME TPE MSP depuis 2003 sur Viroflay\",\"description\":\"Prestataire informatique Viroflay en r\u00e9gion parisienne PME TPE  ile de France depuis plus de 20 ans\",\"publisher\":{\"@id\":\"https:\/\/ayrilys.com\/#organization\"},\"alternateName\":\"Ayriliys infog\u00e9rance fournisseur de services manag\u00e9s MSP PME TPE Viroflay\",\"potentialAction\":[{\"@type\":\"SearchAction\",\"target\":{\"@type\":\"EntryPoint\",\"urlTemplate\":\"https:\/\/ayrilys.com\/?s={search_term_string}\"},\"query-input\":{\"@type\":\"PropertyValueSpecification\",\"valueRequired\":true,\"valueName\":\"search_term_string\"}}],\"inLanguage\":\"fr-FR\"},{\"@type\":\"Organization\",\"@id\":\"https:\/\/ayrilys.com\/#organization\",\"name\":\"Ayrilys\",\"url\":\"https:\/\/ayrilys.com\/\",\"logo\":{\"@type\":\"ImageObject\",\"inLanguage\":\"fr-FR\",\"@id\":\"https:\/\/ayrilys.com\/#\/schema\/logo\/image\/\",\"url\":\"https:\/\/ayrilys.com\/wp-content\/uploads\/2024\/07\/Ayrilys-Logo-V1.png\",\"contentUrl\":\"https:\/\/ayrilys.com\/wp-content\/uploads\/2024\/07\/Ayrilys-Logo-V1.png\",\"width\":119,\"height\":64,\"caption\":\"Ayrilys\"},\"image\":{\"@id\":\"https:\/\/ayrilys.com\/#\/schema\/logo\/image\/\"},\"sameAs\":[\"https:\/\/www.facebook.com\/profile.php?id=61563219240658\",\"https:\/\/x.com\/Ayrilys165097\"],\"description\":\"Prestataire informatique depuis plus de 20 ans pour les PME et TPE\",\"email\":\"ayrilys@ayrilys.com\",\"telephone\":\"+33139242197\",\"legalName\":\"Ayrilys\",\"foundingDate\":\"2003-01-01\",\"vatID\":\"FR90449159011\",\"taxID\":\"44915901100013\",\"numberOfEmployees\":{\"@type\":\"QuantitativeValue\",\"minValue\":\"1\",\"maxValue\":\"10\"}}]}<\/script>\r\n<!-- \/ Yoast SEO Premium plugin. -->","yoast_head_json":{"title":"Prestataire informatique : Gestion des donn\u00e9es personnelles - Prestataire informatique Viroflay en r\u00e9gion parisienne depuis 2003 pour les PME\/PMI","description":"D\u00e9couvrez les directives relatives aux donn\u00e9es personnelles apr\u00e8s la mort et la gestion des donn\u00e9es par Ayrilys, prestataire informatique.","robots":{"index":"index","follow":"follow","max-snippet":"max-snippet:-1","max-image-preview":"max-image-preview:large","max-video-preview":"max-video-preview:-1"},"canonical":"https:\/\/ayrilys.com\/index.php\/mentions-legales-protection-des-donnees-personnelles-rgpd\/","og_locale":"fr_FR","og_type":"article","og_title":"Mentions l\u00e9gales - Protection des donn\u00e9es personnelles RGPD","og_description":"D\u00e9couvrez les directives relatives aux donn\u00e9es personnelles apr\u00e8s la mort et la gestion des donn\u00e9es par Ayrilys, prestataire informatique.","og_url":"https:\/\/ayrilys.com\/index.php\/mentions-legales-protection-des-donnees-personnelles-rgpd\/","og_site_name":"Prestataire informatique Viroflay en r\u00e9gion parisienne depuis 2003 pour les PME\/PMI","article_publisher":"https:\/\/www.facebook.com\/profile.php?id=61563219240658","article_modified_time":"2024-09-12T15:37:48+00:00","og_image":[{"width":988,"height":222,"url":"https:\/\/ayrilys.com\/wp-content\/uploads\/2024\/07\/Ayrilysentete.jpg","type":"image\/jpeg"}],"twitter_card":"summary_large_image","twitter_site":"@Ayrilys165097","twitter_misc":{"Dur\u00e9e de lecture estim\u00e9e":"2 minutes"},"schema":{"@context":"https:\/\/schema.org","@graph":[{"@type":"WebPage","@id":"https:\/\/ayrilys.com\/index.php\/mentions-legales-protection-des-donnees-personnelles-rgpd\/","url":"https:\/\/ayrilys.com\/index.php\/mentions-legales-protection-des-donnees-personnelles-rgpd\/","name":"Prestataire informatique : Gestion des donn\u00e9es personnelles - Prestataire informatique Viroflay en r\u00e9gion parisienne depuis 2003 pour les PME\/PMI","isPartOf":{"@id":"https:\/\/ayrilys.com\/#website"},"datePublished":"2024-07-10T15:08:01+00:00","dateModified":"2024-09-12T15:37:48+00:00","description":"D\u00e9couvrez les directives relatives aux donn\u00e9es personnelles apr\u00e8s la mort et la gestion des donn\u00e9es par Ayrilys, prestataire informatique.","breadcrumb":{"@id":"https:\/\/ayrilys.com\/index.php\/mentions-legales-protection-des-donnees-personnelles-rgpd\/#breadcrumb"},"inLanguage":"fr-FR","potentialAction":[{"@type":"ReadAction","target":["https:\/\/ayrilys.com\/index.php\/mentions-legales-protection-des-donnees-personnelles-rgpd\/"]}]},{"@type":"BreadcrumbList","@id":"https:\/\/ayrilys.com\/index.php\/mentions-legales-protection-des-donnees-personnelles-rgpd\/#breadcrumb","itemListElement":[{"@type":"ListItem","position":1,"name":"Accueil","item":"https:\/\/ayrilys.com\/"},{"@type":"ListItem","position":2,"name":"Mentions l\u00e9gales &#8211; Protection des donn\u00e9es personnelles RGPD"}]},{"@type":"WebSite","@id":"https:\/\/ayrilys.com\/#website","url":"https:\/\/ayrilys.com\/","name":"Ayrilys prestataire informatique infog\u00e9rance PME TPE MSP depuis 2003 sur Viroflay","description":"Prestataire informatique Viroflay en r\u00e9gion parisienne PME TPE  ile de France depuis plus de 20 ans","publisher":{"@id":"https:\/\/ayrilys.com\/#organization"},"alternateName":"Ayriliys infog\u00e9rance fournisseur de services manag\u00e9s MSP PME TPE Viroflay","potentialAction":[{"@type":"SearchAction","target":{"@type":"EntryPoint","urlTemplate":"https:\/\/ayrilys.com\/?s={search_term_string}"},"query-input":{"@type":"PropertyValueSpecification","valueRequired":true,"valueName":"search_term_string"}}],"inLanguage":"fr-FR"},{"@type":"Organization","@id":"https:\/\/ayrilys.com\/#organization","name":"Ayrilys","url":"https:\/\/ayrilys.com\/","logo":{"@type":"ImageObject","inLanguage":"fr-FR","@id":"https:\/\/ayrilys.com\/#\/schema\/logo\/image\/","url":"https:\/\/ayrilys.com\/wp-content\/uploads\/2024\/07\/Ayrilys-Logo-V1.png","contentUrl":"https:\/\/ayrilys.com\/wp-content\/uploads\/2024\/07\/Ayrilys-Logo-V1.png","width":119,"height":64,"caption":"Ayrilys"},"image":{"@id":"https:\/\/ayrilys.com\/#\/schema\/logo\/image\/"},"sameAs":["https:\/\/www.facebook.com\/profile.php?id=61563219240658","https:\/\/x.com\/Ayrilys165097"],"description":"Prestataire informatique depuis plus de 20 ans pour les PME et TPE","email":"ayrilys@ayrilys.com","telephone":"+33139242197","legalName":"Ayrilys","foundingDate":"2003-01-01","vatID":"FR90449159011","taxID":"44915901100013","numberOfEmployees":{"@type":"QuantitativeValue","minValue":"1","maxValue":"10"}}]}},"jetpack_sharing_enabled":true,"jetpack_likes_enabled":true,"jetpack-related-posts":[],"_links":{"self":[{"href":"https:\/\/ayrilys.com\/index.php\/wp-json\/wp\/v2\/pages\/144","targetHints":{"allow":["GET"]}}],"collection":[{"href":"https:\/\/ayrilys.com\/index.php\/wp-json\/wp\/v2\/pages"}],"about":[{"href":"https:\/\/ayrilys.com\/index.php\/wp-json\/wp\/v2\/types\/page"}],"author":[{"embeddable":true,"href":"https:\/\/ayrilys.com\/index.php\/wp-json\/wp\/v2\/users\/1"}],"replies":[{"embeddable":true,"href":"https:\/\/ayrilys.com\/index.php\/wp-json\/wp\/v2\/comments?post=144"}],"version-history":[{"count":1,"href":"https:\/\/ayrilys.com\/index.php\/wp-json\/wp\/v2\/pages\/144\/revisions"}],"predecessor-version":[{"id":149,"href":"https:\/\/ayrilys.com\/index.php\/wp-json\/wp\/v2\/pages\/144\/revisions\/149"}],"wp:attachment":[{"href":"https:\/\/ayrilys.com\/index.php\/wp-json\/wp\/v2\/media?parent=144"}],"curies":[{"name":"wp","href":"https:\/\/api.w.org\/{rel}","templated":true}]}}