{"id":158,"date":"2024-07-10T17:31:35","date_gmt":"2024-07-10T15:31:35","guid":{"rendered":"http:\/\/192.168.7.45:8000\/?page_id=158"},"modified":"2024-12-04T12:23:02","modified_gmt":"2024-12-04T11:23:02","slug":"prestataire-informatique-pme","status":"publish","type":"page","link":"https:\/\/ayrilys.com\/index.php\/prestataire-informatique-pme\/","title":{"rendered":"G\u00e9n\u00e9raliste"},"content":{"rendered":"\n<p class=\"has-text-color has-link-color has-medium-font-size wp-elements-0c77e578c57ee5e6caf7a615ba73bd89\" style=\"color:#982a51\">AYRILYS, un g\u00e9n\u00e9raliste en Informatique Syst\u00e8me, R\u00e9seau et T\u00e9l\u00e9communications (SRT)<\/p>\n\n\n\n<p><br>AYRILYS propose depuis sa cr\u00e9ation en 2003 par Daniel PECHEUR un service d\u2019assistance en syst\u00e8me d\u2019information. Cette prestation s\u2019adresse aux PME-PMI qui n\u2019ont ni les ressources, ni les besoins ou tout simplement pas la volont\u00e9 d\u2019int\u00e9grer cette expertise en interne.<\/p>\n\n\n\n<p>Et depuis 7 ans maintenant, AYRILYS propose \u00e9galement un service de t\u00e9l\u00e9phonie. En effet, en 2008, \u00e0 la demande de certains de ses clients dont les installations t\u00e9l\u00e9phoniques sont vieillissantes l\u2019entreprise d\u00e9veloppe la voix sur IP. Apr\u00e8s des \u00e9tudes et des tests pour fiabiliser les installations, il d\u00e9ploie une offre performante et s\u00e9curis\u00e9e VoIP et ToIP.<\/p>\n\n\n\n<p class=\"has-text-color has-link-color wp-elements-651dde29ea3b27ac4093a752a174da4c\" style=\"color:#000000\">AYRILYS se positionne comme un prestataire en Syst\u00e8mes, R\u00e9seaux &amp; T\u00e9l\u00e9coms et r\u00e9affirme sa mission de Directeur des Syst\u00e8mes d\u2019Information et de T\u00e9l\u00e9coms (DSIT) partag\u00e9.<\/p>\n\n\n\n<p class=\"has-text-color has-link-color wp-elements-354db6c9be37eede6595fda35569e28d\" style=\"color:#982a51\">Une confiance r\u00e9affirm\u00e9e<\/p>\n\n\n\n<p><br>Aujourd\u2019hui, AYRILYS compte cinq personnes sp\u00e9cialis\u00e9es en Syst\u00e8mes, R\u00e9seaux et T\u00e9l\u00e9coms. Aujourd\u2019hui, les clients sont satisfaits et ont r\u00e9it\u00e9r\u00e9 leur confiance en AYRILYS, de nouveaux clients viennent enrichir chaque mois le portefeuille d\u2019AYRILYS clients et les personnels d\u2019AYRILYS poursuivent leur mont\u00e9e en expertise tant en syst\u00e8me d\u2019information, r\u00e9seaux qu\u2019en t\u00e9l\u00e9communications.<\/p>\n\n\n\n<p>Vous recherchez<br>\u2b17 Un prestataire proche de vous, qui vous \u00e9coute<br>\u2b17 Une entreprise qui r\u00e9agisse vite et intervienne dans la journ\u00e9e<br>\u2b17 Des prestations de service en informatique et t\u00e9l\u00e9coms performantes et abordables<br>\u2b17 Des experts qui prennent en compte les besoins des utilisateurs<br>\u2b17 Un partenaire qui v\u00e9rifie la compatibilit\u00e9 des nouveaux \u00e9quipements avant de les installer<\/p>\n","protected":false},"excerpt":{"rendered":"<p>AYRILYS, un g\u00e9n\u00e9raliste en Informatique Syst\u00e8me, R\u00e9seau et T\u00e9l\u00e9communications (SRT) AYRILYS propose depuis sa cr\u00e9ation en 2003 par Daniel PECHEUR un service d\u2019assistance en syst\u00e8me d\u2019information. Cette prestation s\u2019adresse aux PME-PMI qui n\u2019ont ni les ressources, ni les besoins ou tout simplement pas la volont\u00e9 d\u2019int\u00e9grer cette expertise en interne. Et depuis 7 ans maintenant,&#8230;<\/p>\n","protected":false},"author":1,"featured_media":0,"parent":0,"menu_order":0,"comment_status":"closed","ping_status":"closed","template":"","meta":{"_kadence_starter_templates_imported_post":false,"_kad_post_transparent":"","_kad_post_title":"","_kad_post_layout":"","_kad_post_sidebar_id":"","_kad_post_content_style":"","_kad_post_vertical_padding":"","_kad_post_feature":"","_kad_post_feature_position":"","_kad_post_header":false,"_kad_post_footer":false,"_kad_post_classname":"","footnotes":""},"class_list":["post-158","page","type-page","status-publish","hentry"],"yoast_head":"<!-- This site is optimized with the Yoast SEO Premium plugin v25.8 (Yoast SEO v26.0) - https:\/\/yoast.com\/wordpress\/plugins\/seo\/ -->\r\n<title>L&#039;infog\u00e9rance : externaliser votre syst\u00e8me d&#039;information - Prestataire informatique Viroflay en r\u00e9gion parisienne depuis 2003 pour les PME\/PMI<\/title>\r\n<meta name=\"description\" content=\"AYRILYS, expert en infog\u00e9rance informatique, propose des solutions adapt\u00e9es aux PME-PMI pour externaliser leur syst\u00e8me d&#039;information.\" \/>\r\n<meta name=\"robots\" content=\"index, follow, max-snippet:-1, max-image-preview:large, max-video-preview:-1\" \/>\r\n<link rel=\"canonical\" href=\"https:\/\/ayrilys.com\/index.php\/prestataire-informatique-pme\/\" \/>\r\n<meta property=\"og:locale\" content=\"fr_FR\" \/>\r\n<meta property=\"og:type\" content=\"article\" \/>\r\n<meta property=\"og:title\" content=\"G\u00e9n\u00e9raliste\" \/>\r\n<meta property=\"og:description\" content=\"AYRILYS, expert en infog\u00e9rance informatique, propose des solutions adapt\u00e9es aux PME-PMI pour externaliser leur syst\u00e8me d&#039;information.\" \/>\r\n<meta property=\"og:url\" content=\"https:\/\/ayrilys.com\/index.php\/prestataire-informatique-pme\/\" \/>\r\n<meta property=\"og:site_name\" content=\"Prestataire informatique Viroflay en r\u00e9gion parisienne depuis 2003 pour les PME\/PMI\" \/>\r\n<meta property=\"article:publisher\" content=\"https:\/\/www.facebook.com\/profile.php?id=61563219240658\" \/>\r\n<meta property=\"article:modified_time\" content=\"2024-12-04T11:23:02+00:00\" \/>\r\n<meta property=\"og:image\" content=\"https:\/\/ayrilys.com\/wp-content\/uploads\/2024\/07\/Ayrilysentete.jpg\" \/>\r\n\t<meta property=\"og:image:width\" content=\"988\" \/>\r\n\t<meta property=\"og:image:height\" content=\"222\" \/>\r\n\t<meta property=\"og:image:type\" content=\"image\/jpeg\" \/>\r\n<meta name=\"twitter:card\" content=\"summary_large_image\" \/>\r\n<meta name=\"twitter:site\" content=\"@Ayrilys165097\" \/>\r\n<meta name=\"twitter:label1\" content=\"Dur\u00e9e de lecture estim\u00e9e\" \/>\n\t<meta name=\"twitter:data1\" content=\"2 minutes\" \/>\r\n<script type=\"application\/ld+json\" class=\"yoast-schema-graph\">{\"@context\":\"https:\/\/schema.org\",\"@graph\":[{\"@type\":\"WebPage\",\"@id\":\"https:\/\/ayrilys.com\/index.php\/prestataire-informatique-pme\/\",\"url\":\"https:\/\/ayrilys.com\/index.php\/prestataire-informatique-pme\/\",\"name\":\"L'infog\u00e9rance : externaliser votre syst\u00e8me d'information - Prestataire informatique Viroflay en r\u00e9gion parisienne depuis 2003 pour les PME\/PMI\",\"isPartOf\":{\"@id\":\"https:\/\/ayrilys.com\/#website\"},\"datePublished\":\"2024-07-10T15:31:35+00:00\",\"dateModified\":\"2024-12-04T11:23:02+00:00\",\"description\":\"AYRILYS, expert en infog\u00e9rance informatique, propose des solutions adapt\u00e9es aux PME-PMI pour externaliser leur syst\u00e8me d'information.\",\"breadcrumb\":{\"@id\":\"https:\/\/ayrilys.com\/index.php\/prestataire-informatique-pme\/#breadcrumb\"},\"inLanguage\":\"fr-FR\",\"potentialAction\":[{\"@type\":\"ReadAction\",\"target\":[\"https:\/\/ayrilys.com\/index.php\/prestataire-informatique-pme\/\"]}]},{\"@type\":\"BreadcrumbList\",\"@id\":\"https:\/\/ayrilys.com\/index.php\/prestataire-informatique-pme\/#breadcrumb\",\"itemListElement\":[{\"@type\":\"ListItem\",\"position\":1,\"name\":\"Accueil\",\"item\":\"https:\/\/ayrilys.com\/\"},{\"@type\":\"ListItem\",\"position\":2,\"name\":\"G\u00e9n\u00e9raliste\"}]},{\"@type\":\"WebSite\",\"@id\":\"https:\/\/ayrilys.com\/#website\",\"url\":\"https:\/\/ayrilys.com\/\",\"name\":\"Ayrilys prestataire informatique infog\u00e9rance PME TPE MSP depuis 2003 sur Viroflay\",\"description\":\"Prestataire informatique Viroflay en r\u00e9gion parisienne PME TPE  ile de France depuis plus de 20 ans\",\"publisher\":{\"@id\":\"https:\/\/ayrilys.com\/#organization\"},\"alternateName\":\"Ayriliys infog\u00e9rance fournisseur de services manag\u00e9s MSP PME TPE Viroflay\",\"potentialAction\":[{\"@type\":\"SearchAction\",\"target\":{\"@type\":\"EntryPoint\",\"urlTemplate\":\"https:\/\/ayrilys.com\/?s={search_term_string}\"},\"query-input\":{\"@type\":\"PropertyValueSpecification\",\"valueRequired\":true,\"valueName\":\"search_term_string\"}}],\"inLanguage\":\"fr-FR\"},{\"@type\":\"Organization\",\"@id\":\"https:\/\/ayrilys.com\/#organization\",\"name\":\"Ayrilys\",\"url\":\"https:\/\/ayrilys.com\/\",\"logo\":{\"@type\":\"ImageObject\",\"inLanguage\":\"fr-FR\",\"@id\":\"https:\/\/ayrilys.com\/#\/schema\/logo\/image\/\",\"url\":\"https:\/\/ayrilys.com\/wp-content\/uploads\/2024\/07\/Ayrilys-Logo-V1.png\",\"contentUrl\":\"https:\/\/ayrilys.com\/wp-content\/uploads\/2024\/07\/Ayrilys-Logo-V1.png\",\"width\":119,\"height\":64,\"caption\":\"Ayrilys\"},\"image\":{\"@id\":\"https:\/\/ayrilys.com\/#\/schema\/logo\/image\/\"},\"sameAs\":[\"https:\/\/www.facebook.com\/profile.php?id=61563219240658\",\"https:\/\/x.com\/Ayrilys165097\"],\"description\":\"Prestataire informatique depuis plus de 20 ans pour les PME et TPE\",\"email\":\"ayrilys@ayrilys.com\",\"telephone\":\"+33139242197\",\"legalName\":\"Ayrilys\",\"foundingDate\":\"2003-01-01\",\"vatID\":\"FR90449159011\",\"taxID\":\"44915901100013\",\"numberOfEmployees\":{\"@type\":\"QuantitativeValue\",\"minValue\":\"1\",\"maxValue\":\"10\"}}]}<\/script>\r\n<!-- \/ Yoast SEO Premium plugin. -->","yoast_head_json":{"title":"L'infog\u00e9rance : externaliser votre syst\u00e8me d'information - Prestataire informatique Viroflay en r\u00e9gion parisienne depuis 2003 pour les PME\/PMI","description":"AYRILYS, expert en infog\u00e9rance informatique, propose des solutions adapt\u00e9es aux PME-PMI pour externaliser leur syst\u00e8me d'information.","robots":{"index":"index","follow":"follow","max-snippet":"max-snippet:-1","max-image-preview":"max-image-preview:large","max-video-preview":"max-video-preview:-1"},"canonical":"https:\/\/ayrilys.com\/index.php\/prestataire-informatique-pme\/","og_locale":"fr_FR","og_type":"article","og_title":"G\u00e9n\u00e9raliste","og_description":"AYRILYS, expert en infog\u00e9rance informatique, propose des solutions adapt\u00e9es aux PME-PMI pour externaliser leur syst\u00e8me d'information.","og_url":"https:\/\/ayrilys.com\/index.php\/prestataire-informatique-pme\/","og_site_name":"Prestataire informatique Viroflay en r\u00e9gion parisienne depuis 2003 pour les PME\/PMI","article_publisher":"https:\/\/www.facebook.com\/profile.php?id=61563219240658","article_modified_time":"2024-12-04T11:23:02+00:00","og_image":[{"width":988,"height":222,"url":"https:\/\/ayrilys.com\/wp-content\/uploads\/2024\/07\/Ayrilysentete.jpg","type":"image\/jpeg"}],"twitter_card":"summary_large_image","twitter_site":"@Ayrilys165097","twitter_misc":{"Dur\u00e9e de lecture estim\u00e9e":"2 minutes"},"schema":{"@context":"https:\/\/schema.org","@graph":[{"@type":"WebPage","@id":"https:\/\/ayrilys.com\/index.php\/prestataire-informatique-pme\/","url":"https:\/\/ayrilys.com\/index.php\/prestataire-informatique-pme\/","name":"L'infog\u00e9rance : externaliser votre syst\u00e8me d'information - Prestataire informatique Viroflay en r\u00e9gion parisienne depuis 2003 pour les PME\/PMI","isPartOf":{"@id":"https:\/\/ayrilys.com\/#website"},"datePublished":"2024-07-10T15:31:35+00:00","dateModified":"2024-12-04T11:23:02+00:00","description":"AYRILYS, expert en infog\u00e9rance informatique, propose des solutions adapt\u00e9es aux PME-PMI pour externaliser leur syst\u00e8me d'information.","breadcrumb":{"@id":"https:\/\/ayrilys.com\/index.php\/prestataire-informatique-pme\/#breadcrumb"},"inLanguage":"fr-FR","potentialAction":[{"@type":"ReadAction","target":["https:\/\/ayrilys.com\/index.php\/prestataire-informatique-pme\/"]}]},{"@type":"BreadcrumbList","@id":"https:\/\/ayrilys.com\/index.php\/prestataire-informatique-pme\/#breadcrumb","itemListElement":[{"@type":"ListItem","position":1,"name":"Accueil","item":"https:\/\/ayrilys.com\/"},{"@type":"ListItem","position":2,"name":"G\u00e9n\u00e9raliste"}]},{"@type":"WebSite","@id":"https:\/\/ayrilys.com\/#website","url":"https:\/\/ayrilys.com\/","name":"Ayrilys prestataire informatique infog\u00e9rance PME TPE MSP depuis 2003 sur Viroflay","description":"Prestataire informatique Viroflay en r\u00e9gion parisienne PME TPE  ile de France depuis plus de 20 ans","publisher":{"@id":"https:\/\/ayrilys.com\/#organization"},"alternateName":"Ayriliys infog\u00e9rance fournisseur de services manag\u00e9s MSP PME TPE Viroflay","potentialAction":[{"@type":"SearchAction","target":{"@type":"EntryPoint","urlTemplate":"https:\/\/ayrilys.com\/?s={search_term_string}"},"query-input":{"@type":"PropertyValueSpecification","valueRequired":true,"valueName":"search_term_string"}}],"inLanguage":"fr-FR"},{"@type":"Organization","@id":"https:\/\/ayrilys.com\/#organization","name":"Ayrilys","url":"https:\/\/ayrilys.com\/","logo":{"@type":"ImageObject","inLanguage":"fr-FR","@id":"https:\/\/ayrilys.com\/#\/schema\/logo\/image\/","url":"https:\/\/ayrilys.com\/wp-content\/uploads\/2024\/07\/Ayrilys-Logo-V1.png","contentUrl":"https:\/\/ayrilys.com\/wp-content\/uploads\/2024\/07\/Ayrilys-Logo-V1.png","width":119,"height":64,"caption":"Ayrilys"},"image":{"@id":"https:\/\/ayrilys.com\/#\/schema\/logo\/image\/"},"sameAs":["https:\/\/www.facebook.com\/profile.php?id=61563219240658","https:\/\/x.com\/Ayrilys165097"],"description":"Prestataire informatique depuis plus de 20 ans pour les PME et TPE","email":"ayrilys@ayrilys.com","telephone":"+33139242197","legalName":"Ayrilys","foundingDate":"2003-01-01","vatID":"FR90449159011","taxID":"44915901100013","numberOfEmployees":{"@type":"QuantitativeValue","minValue":"1","maxValue":"10"}}]}},"jetpack_sharing_enabled":true,"jetpack_likes_enabled":true,"jetpack-related-posts":[],"_links":{"self":[{"href":"https:\/\/ayrilys.com\/index.php\/wp-json\/wp\/v2\/pages\/158","targetHints":{"allow":["GET"]}}],"collection":[{"href":"https:\/\/ayrilys.com\/index.php\/wp-json\/wp\/v2\/pages"}],"about":[{"href":"https:\/\/ayrilys.com\/index.php\/wp-json\/wp\/v2\/types\/page"}],"author":[{"embeddable":true,"href":"https:\/\/ayrilys.com\/index.php\/wp-json\/wp\/v2\/users\/1"}],"replies":[{"embeddable":true,"href":"https:\/\/ayrilys.com\/index.php\/wp-json\/wp\/v2\/comments?post=158"}],"version-history":[{"count":5,"href":"https:\/\/ayrilys.com\/index.php\/wp-json\/wp\/v2\/pages\/158\/revisions"}],"predecessor-version":[{"id":168,"href":"https:\/\/ayrilys.com\/index.php\/wp-json\/wp\/v2\/pages\/158\/revisions\/168"}],"wp:attachment":[{"href":"https:\/\/ayrilys.com\/index.php\/wp-json\/wp\/v2\/media?parent=158"}],"curies":[{"name":"wp","href":"https:\/\/api.w.org\/{rel}","templated":true}]}}