{"id":192,"date":"2024-07-10T18:41:08","date_gmt":"2024-07-10T16:41:08","guid":{"rendered":"http:\/\/192.168.7.45:8000\/?page_id=192"},"modified":"2024-12-04T12:14:30","modified_gmt":"2024-12-04T11:14:30","slug":"expertises","status":"publish","type":"page","link":"https:\/\/ayrilys.com\/index.php\/expertises\/","title":{"rendered":"Expertises"},"content":{"rendered":"\n<p>Assurer la fiabilit\u00e9, la disponibilit\u00e9 et la s\u00fbret\u00e9 de vos Syst\u00e8mes, R\u00e9seaux et T\u00e9l\u00e9coms : telle sont les missions des experts AYRILYS.<\/p>\n\n\n\n<p>Cette appellation SRT regroupe 3 domaines d\u2019expertises de l&rsquo;informatique :<\/p>\n\n\n\n<p><a href=\"https:\/\/ayrilys.com\/index.php\/nos-services-produits\/\">Syst\u00e8me d\u2019information,<\/a><br>R\u00e9seaux,<br><a href=\"https:\/\/ayrilys.com\/index.php\/systeme-dinformation-voip\/\">T\u00e9l\u00e9coms.<\/a><\/p>\n\n\n\n<p><br>Entre connaissances, comp\u00e9tences et expertises<\/p>\n\n\n\n<p>Les connaissances s\u2019acqui\u00e8rent dans une \u00e9cole sp\u00e9cialis\u00e9e en Syst\u00e8mes, R\u00e9seaux et T\u00e9l\u00e9coms et d\u00e9terminent le niveau de l\u2019intervenant SRT.<\/p>\n\n\n\n<p>Elles se transforment en comp\u00e9tences d\u00e8s lors qu\u2019elles sont mises en pratique dans l\u2019entreprise, n\u00e9cessitant alors bons sens, pragmatisme et inventivit\u00e9.<\/p>\n\n\n\n<p>L\u2019expertise, elle, s\u2019acqui\u00e8re sur la dur\u00e9e, sous le mentorat d\u2019un expert \u00ab senior \u00bb et par la confrontation \u00e0 des probl\u00e9matiques et des environnements complexes.<\/p>\n\n\n\n<p>L\u2019expert trouve des solutions quelle que soit la probl\u00e9matique pos\u00e9e ou rencontr\u00e9e, dans des d\u00e9lais acceptables pour le client.<\/p>\n\n\n\n<p>\u2425 Analyser l\u2019environnement<br>\u2425 D\u00e9tecter la panne<br>\u2425 En trouver l\u2019origine<br>\u2425 Mettre \u00e9ventuellement en place une solution transitoire pour \u00e9viter ou limiter l\u2019indisponibilit\u00e9 des \u00e9quipements<br>\u2425 R\u00e9soudre le dysfonctionnement.<br>Sur le papier le process parait simple et logique mais sur le terrain, il devient vite complexe et peut para\u00eetre insoluble.<\/p>\n\n\n\n<p>3 niveaux de connaissances et comp\u00e9tences valid\u00e9s par des examens<\/p>\n\n\n\n<p>Gravir un niveau suppl\u00e9mentaire n\u00e9cessite de suivre une formation et de passer un examen.<\/p>\n\n\n\n<p>Son obtention est \u00e9troitement li\u00e9e \u00e0 la pratique terrain et \u00e0 la confrontation \u00e0 des environnements, des situations et des probl\u00e9matiques vari\u00e9s et complexes.<\/p>\n\n\n\n<p>Une expertise d\u00e9ploy\u00e9e \u00e0 3 niveaux<\/p>\n\n\n\n<ul class=\"wp-block-list\">\n<li>Chez le client<br>\u2425 Mettre en place l\u2019infrastructure informatique et t\u00e9l\u00e9coms de l\u2019entreprise tout en g\u00e9rant les diff\u00e9rentes contraintes syst\u00e8mes, r\u00e9seaux et s\u00e9curit\u00e9<br>\u2425 Proposer les \u00e9quipements les plus pertinents par rapport \u00e0 la structure de l\u2019entreprise, son activit\u00e9 et son environnement<br>\u2425 Assurer la maintenance, la disponibilit\u00e9, le renouvellement des \u00e9quipements<br>\u2425 Diagnostiquer les causes de dysfonctionnement et proposer des solutions<\/li>\n\n\n\n<li>En interne<br>\u2425 Assister et conseiller les \u00e9quipes dans la mise en \u0153uvre des solutions techniques<br>\u2425 V\u00e9rifier l\u2019application des normes de s\u00e9curit\u00e9 informatique, qualit\u00e9 \u2026.<br>\u2425 Former \u00e0 l\u2019utilisation de nouveaux \u00e9quipements<\/li>\n\n\n\n<li>En externe<br>\u2425 Entretenir des relations r\u00e9guli\u00e8res avec les fournisseurs de mat\u00e9riels et les \u00e9diteurs de logiciels<br>\u2425 Mener une veille technologique pour anticiper les \u00e9volutions majeures en Syst\u00e8mes, R\u00e9seaux et T\u00e9l\u00e9coms<\/li>\n<\/ul>\n","protected":false},"excerpt":{"rendered":"<p>Assurer la fiabilit\u00e9, la disponibilit\u00e9 et la s\u00fbret\u00e9 de vos Syst\u00e8mes, R\u00e9seaux et T\u00e9l\u00e9coms : telle sont les missions des experts AYRILYS. Cette appellation SRT regroupe 3 domaines d\u2019expertises de l&rsquo;informatique : Syst\u00e8me d\u2019information,R\u00e9seaux,T\u00e9l\u00e9coms. Entre connaissances, comp\u00e9tences et expertises Les connaissances s\u2019acqui\u00e8rent dans une \u00e9cole sp\u00e9cialis\u00e9e en Syst\u00e8mes, R\u00e9seaux et T\u00e9l\u00e9coms et d\u00e9terminent le niveau&#8230;<\/p>\n","protected":false},"author":1,"featured_media":0,"parent":0,"menu_order":0,"comment_status":"closed","ping_status":"closed","template":"","meta":{"_kadence_starter_templates_imported_post":false,"_kad_post_transparent":"","_kad_post_title":"","_kad_post_layout":"","_kad_post_sidebar_id":"","_kad_post_content_style":"","_kad_post_vertical_padding":"","_kad_post_feature":"","_kad_post_feature_position":"","_kad_post_header":false,"_kad_post_footer":false,"_kad_post_classname":"","footnotes":""},"class_list":["post-192","page","type-page","status-publish","hentry"],"yoast_head":"<!-- This site is optimized with the Yoast SEO Premium plugin v25.8 (Yoast SEO v26.0) - https:\/\/yoast.com\/wordpress\/plugins\/seo\/ -->\r\n<title>Prestataire informatique PME : Assurer la fiabilit\u00e9 de vos syst\u00e8mes et r\u00e9seaux - Prestataire informatique Viroflay en r\u00e9gion parisienne depuis 2003 pour les PME\/PMI<\/title>\r\n<meta name=\"description\" content=\"Trouvez un prestataire informatique sp\u00e9cialis\u00e9 pour accompagner votre PME. AYRILYS offre des services fiables et s\u00e9curis\u00e9s pour vos Syst\u00e8mes, R\u00e9seaux et T\u00e9l\u00e9coms.\" \/>\r\n<meta name=\"robots\" content=\"index, follow, max-snippet:-1, max-image-preview:large, max-video-preview:-1\" \/>\r\n<link rel=\"canonical\" href=\"https:\/\/ayrilys.com\/index.php\/expertises\/\" \/>\r\n<meta property=\"og:locale\" content=\"fr_FR\" \/>\r\n<meta property=\"og:type\" content=\"article\" \/>\r\n<meta property=\"og:title\" content=\"Expertises\" \/>\r\n<meta property=\"og:description\" content=\"Trouvez un prestataire informatique sp\u00e9cialis\u00e9 pour accompagner votre PME. AYRILYS offre des services fiables et s\u00e9curis\u00e9s pour vos Syst\u00e8mes, R\u00e9seaux et T\u00e9l\u00e9coms.\" \/>\r\n<meta property=\"og:url\" content=\"https:\/\/ayrilys.com\/index.php\/expertises\/\" \/>\r\n<meta property=\"og:site_name\" content=\"Prestataire informatique Viroflay en r\u00e9gion parisienne depuis 2003 pour les PME\/PMI\" \/>\r\n<meta property=\"article:publisher\" content=\"https:\/\/www.facebook.com\/profile.php?id=61563219240658\" \/>\r\n<meta property=\"article:modified_time\" content=\"2024-12-04T11:14:30+00:00\" \/>\r\n<meta property=\"og:image\" content=\"https:\/\/ayrilys.com\/wp-content\/uploads\/2024\/07\/Ayrilysentete.jpg\" \/>\r\n\t<meta property=\"og:image:width\" content=\"988\" \/>\r\n\t<meta property=\"og:image:height\" content=\"222\" \/>\r\n\t<meta property=\"og:image:type\" content=\"image\/jpeg\" \/>\r\n<meta name=\"twitter:card\" content=\"summary_large_image\" \/>\r\n<meta name=\"twitter:site\" content=\"@Ayrilys165097\" \/>\r\n<meta name=\"twitter:label1\" content=\"Dur\u00e9e de lecture estim\u00e9e\" \/>\n\t<meta name=\"twitter:data1\" content=\"2 minutes\" \/>\r\n<script type=\"application\/ld+json\" class=\"yoast-schema-graph\">{\"@context\":\"https:\/\/schema.org\",\"@graph\":[{\"@type\":\"WebPage\",\"@id\":\"https:\/\/ayrilys.com\/index.php\/expertises\/\",\"url\":\"https:\/\/ayrilys.com\/index.php\/expertises\/\",\"name\":\"Prestataire informatique PME : Assurer la fiabilit\u00e9 de vos syst\u00e8mes et r\u00e9seaux - Prestataire informatique Viroflay en r\u00e9gion parisienne depuis 2003 pour les PME\/PMI\",\"isPartOf\":{\"@id\":\"https:\/\/ayrilys.com\/#website\"},\"datePublished\":\"2024-07-10T16:41:08+00:00\",\"dateModified\":\"2024-12-04T11:14:30+00:00\",\"description\":\"Trouvez un prestataire informatique sp\u00e9cialis\u00e9 pour accompagner votre PME. AYRILYS offre des services fiables et s\u00e9curis\u00e9s pour vos Syst\u00e8mes, R\u00e9seaux et T\u00e9l\u00e9coms.\",\"breadcrumb\":{\"@id\":\"https:\/\/ayrilys.com\/index.php\/expertises\/#breadcrumb\"},\"inLanguage\":\"fr-FR\",\"potentialAction\":[{\"@type\":\"ReadAction\",\"target\":[\"https:\/\/ayrilys.com\/index.php\/expertises\/\"]}]},{\"@type\":\"BreadcrumbList\",\"@id\":\"https:\/\/ayrilys.com\/index.php\/expertises\/#breadcrumb\",\"itemListElement\":[{\"@type\":\"ListItem\",\"position\":1,\"name\":\"Accueil\",\"item\":\"https:\/\/ayrilys.com\/\"},{\"@type\":\"ListItem\",\"position\":2,\"name\":\"Expertises\"}]},{\"@type\":\"WebSite\",\"@id\":\"https:\/\/ayrilys.com\/#website\",\"url\":\"https:\/\/ayrilys.com\/\",\"name\":\"Ayrilys prestataire informatique infog\u00e9rance PME TPE MSP depuis 2003 sur Viroflay\",\"description\":\"Prestataire informatique Viroflay en r\u00e9gion parisienne PME TPE  ile de France depuis plus de 20 ans\",\"publisher\":{\"@id\":\"https:\/\/ayrilys.com\/#organization\"},\"alternateName\":\"Ayriliys infog\u00e9rance fournisseur de services manag\u00e9s MSP PME TPE Viroflay\",\"potentialAction\":[{\"@type\":\"SearchAction\",\"target\":{\"@type\":\"EntryPoint\",\"urlTemplate\":\"https:\/\/ayrilys.com\/?s={search_term_string}\"},\"query-input\":{\"@type\":\"PropertyValueSpecification\",\"valueRequired\":true,\"valueName\":\"search_term_string\"}}],\"inLanguage\":\"fr-FR\"},{\"@type\":\"Organization\",\"@id\":\"https:\/\/ayrilys.com\/#organization\",\"name\":\"Ayrilys\",\"url\":\"https:\/\/ayrilys.com\/\",\"logo\":{\"@type\":\"ImageObject\",\"inLanguage\":\"fr-FR\",\"@id\":\"https:\/\/ayrilys.com\/#\/schema\/logo\/image\/\",\"url\":\"https:\/\/ayrilys.com\/wp-content\/uploads\/2024\/07\/Ayrilys-Logo-V1.png\",\"contentUrl\":\"https:\/\/ayrilys.com\/wp-content\/uploads\/2024\/07\/Ayrilys-Logo-V1.png\",\"width\":119,\"height\":64,\"caption\":\"Ayrilys\"},\"image\":{\"@id\":\"https:\/\/ayrilys.com\/#\/schema\/logo\/image\/\"},\"sameAs\":[\"https:\/\/www.facebook.com\/profile.php?id=61563219240658\",\"https:\/\/x.com\/Ayrilys165097\"],\"description\":\"Prestataire informatique depuis plus de 20 ans pour les PME et TPE\",\"email\":\"ayrilys@ayrilys.com\",\"telephone\":\"+33139242197\",\"legalName\":\"Ayrilys\",\"foundingDate\":\"2003-01-01\",\"vatID\":\"FR90449159011\",\"taxID\":\"44915901100013\",\"numberOfEmployees\":{\"@type\":\"QuantitativeValue\",\"minValue\":\"1\",\"maxValue\":\"10\"}}]}<\/script>\r\n<!-- \/ Yoast SEO Premium plugin. -->","yoast_head_json":{"title":"Prestataire informatique PME : Assurer la fiabilit\u00e9 de vos syst\u00e8mes et r\u00e9seaux - Prestataire informatique Viroflay en r\u00e9gion parisienne depuis 2003 pour les PME\/PMI","description":"Trouvez un prestataire informatique sp\u00e9cialis\u00e9 pour accompagner votre PME. AYRILYS offre des services fiables et s\u00e9curis\u00e9s pour vos Syst\u00e8mes, R\u00e9seaux et T\u00e9l\u00e9coms.","robots":{"index":"index","follow":"follow","max-snippet":"max-snippet:-1","max-image-preview":"max-image-preview:large","max-video-preview":"max-video-preview:-1"},"canonical":"https:\/\/ayrilys.com\/index.php\/expertises\/","og_locale":"fr_FR","og_type":"article","og_title":"Expertises","og_description":"Trouvez un prestataire informatique sp\u00e9cialis\u00e9 pour accompagner votre PME. AYRILYS offre des services fiables et s\u00e9curis\u00e9s pour vos Syst\u00e8mes, R\u00e9seaux et T\u00e9l\u00e9coms.","og_url":"https:\/\/ayrilys.com\/index.php\/expertises\/","og_site_name":"Prestataire informatique Viroflay en r\u00e9gion parisienne depuis 2003 pour les PME\/PMI","article_publisher":"https:\/\/www.facebook.com\/profile.php?id=61563219240658","article_modified_time":"2024-12-04T11:14:30+00:00","og_image":[{"width":988,"height":222,"url":"https:\/\/ayrilys.com\/wp-content\/uploads\/2024\/07\/Ayrilysentete.jpg","type":"image\/jpeg"}],"twitter_card":"summary_large_image","twitter_site":"@Ayrilys165097","twitter_misc":{"Dur\u00e9e de lecture estim\u00e9e":"2 minutes"},"schema":{"@context":"https:\/\/schema.org","@graph":[{"@type":"WebPage","@id":"https:\/\/ayrilys.com\/index.php\/expertises\/","url":"https:\/\/ayrilys.com\/index.php\/expertises\/","name":"Prestataire informatique PME : Assurer la fiabilit\u00e9 de vos syst\u00e8mes et r\u00e9seaux - Prestataire informatique Viroflay en r\u00e9gion parisienne depuis 2003 pour les PME\/PMI","isPartOf":{"@id":"https:\/\/ayrilys.com\/#website"},"datePublished":"2024-07-10T16:41:08+00:00","dateModified":"2024-12-04T11:14:30+00:00","description":"Trouvez un prestataire informatique sp\u00e9cialis\u00e9 pour accompagner votre PME. AYRILYS offre des services fiables et s\u00e9curis\u00e9s pour vos Syst\u00e8mes, R\u00e9seaux et T\u00e9l\u00e9coms.","breadcrumb":{"@id":"https:\/\/ayrilys.com\/index.php\/expertises\/#breadcrumb"},"inLanguage":"fr-FR","potentialAction":[{"@type":"ReadAction","target":["https:\/\/ayrilys.com\/index.php\/expertises\/"]}]},{"@type":"BreadcrumbList","@id":"https:\/\/ayrilys.com\/index.php\/expertises\/#breadcrumb","itemListElement":[{"@type":"ListItem","position":1,"name":"Accueil","item":"https:\/\/ayrilys.com\/"},{"@type":"ListItem","position":2,"name":"Expertises"}]},{"@type":"WebSite","@id":"https:\/\/ayrilys.com\/#website","url":"https:\/\/ayrilys.com\/","name":"Ayrilys prestataire informatique infog\u00e9rance PME TPE MSP depuis 2003 sur Viroflay","description":"Prestataire informatique Viroflay en r\u00e9gion parisienne PME TPE  ile de France depuis plus de 20 ans","publisher":{"@id":"https:\/\/ayrilys.com\/#organization"},"alternateName":"Ayriliys infog\u00e9rance fournisseur de services manag\u00e9s MSP PME TPE Viroflay","potentialAction":[{"@type":"SearchAction","target":{"@type":"EntryPoint","urlTemplate":"https:\/\/ayrilys.com\/?s={search_term_string}"},"query-input":{"@type":"PropertyValueSpecification","valueRequired":true,"valueName":"search_term_string"}}],"inLanguage":"fr-FR"},{"@type":"Organization","@id":"https:\/\/ayrilys.com\/#organization","name":"Ayrilys","url":"https:\/\/ayrilys.com\/","logo":{"@type":"ImageObject","inLanguage":"fr-FR","@id":"https:\/\/ayrilys.com\/#\/schema\/logo\/image\/","url":"https:\/\/ayrilys.com\/wp-content\/uploads\/2024\/07\/Ayrilys-Logo-V1.png","contentUrl":"https:\/\/ayrilys.com\/wp-content\/uploads\/2024\/07\/Ayrilys-Logo-V1.png","width":119,"height":64,"caption":"Ayrilys"},"image":{"@id":"https:\/\/ayrilys.com\/#\/schema\/logo\/image\/"},"sameAs":["https:\/\/www.facebook.com\/profile.php?id=61563219240658","https:\/\/x.com\/Ayrilys165097"],"description":"Prestataire informatique depuis plus de 20 ans pour les PME et TPE","email":"ayrilys@ayrilys.com","telephone":"+33139242197","legalName":"Ayrilys","foundingDate":"2003-01-01","vatID":"FR90449159011","taxID":"44915901100013","numberOfEmployees":{"@type":"QuantitativeValue","minValue":"1","maxValue":"10"}}]}},"jetpack_sharing_enabled":true,"jetpack_likes_enabled":true,"jetpack-related-posts":[],"_links":{"self":[{"href":"https:\/\/ayrilys.com\/index.php\/wp-json\/wp\/v2\/pages\/192","targetHints":{"allow":["GET"]}}],"collection":[{"href":"https:\/\/ayrilys.com\/index.php\/wp-json\/wp\/v2\/pages"}],"about":[{"href":"https:\/\/ayrilys.com\/index.php\/wp-json\/wp\/v2\/types\/page"}],"author":[{"embeddable":true,"href":"https:\/\/ayrilys.com\/index.php\/wp-json\/wp\/v2\/users\/1"}],"replies":[{"embeddable":true,"href":"https:\/\/ayrilys.com\/index.php\/wp-json\/wp\/v2\/comments?post=192"}],"version-history":[{"count":2,"href":"https:\/\/ayrilys.com\/index.php\/wp-json\/wp\/v2\/pages\/192\/revisions"}],"predecessor-version":[{"id":631,"href":"https:\/\/ayrilys.com\/index.php\/wp-json\/wp\/v2\/pages\/192\/revisions\/631"}],"wp:attachment":[{"href":"https:\/\/ayrilys.com\/index.php\/wp-json\/wp\/v2\/media?parent=192"}],"curies":[{"name":"wp","href":"https:\/\/api.w.org\/{rel}","templated":true}]}}