{"id":226,"date":"2024-07-10T19:25:30","date_gmt":"2024-07-10T17:25:30","guid":{"rendered":"http:\/\/192.168.7.45:8000\/?page_id=226"},"modified":"2024-12-05T19:40:15","modified_gmt":"2024-12-05T18:40:15","slug":"software","status":"publish","type":"page","link":"https:\/\/ayrilys.com\/index.php\/software\/","title":{"rendered":"Software"},"content":{"rendered":"\n<p class=\"has-kb-palette-6-color has-text-color has-link-color wp-elements-e93c1a73686dce4de8baf5e07ca4f0ad\">INSTALLATION DE LOGICIELS<\/p>\n\n\n\n<figure class=\"wp-block-image size-large\"><img loading=\"lazy\" decoding=\"async\" width=\"1024\" height=\"556\" src=\"https:\/\/ayrilys.com\/wp-content\/uploads\/2024\/07\/Illustration-8-1-1024x556.jpg\" alt=\"\" class=\"wp-image-372\" srcset=\"https:\/\/ayrilys.com\/wp-content\/uploads\/2024\/07\/Illustration-8-1-1024x556.jpg 1024w, https:\/\/ayrilys.com\/wp-content\/uploads\/2024\/07\/Illustration-8-1-300x163.jpg 300w, https:\/\/ayrilys.com\/wp-content\/uploads\/2024\/07\/Illustration-8-1-768x417.jpg 768w, https:\/\/ayrilys.com\/wp-content\/uploads\/2024\/07\/Illustration-8-1-1536x834.jpg 1536w, https:\/\/ayrilys.com\/wp-content\/uploads\/2024\/07\/Illustration-8-1-2048x1112.jpg 2048w\" sizes=\"auto, (max-width: 1024px) 100vw, 1024px\" \/><\/figure>\n\n\n\n<p>AYRILYS installe vos logiciels bureautique, m\u00e9tier et de monitoring des t\u00e9l\u00e9phones. Il installe et param\u00e8tre vos antivirus et configure le contr\u00f4le d\u2019acc\u00e8s aux donn\u00e9es en fonction des statuts des salari\u00e9s<\/p>\n\n\n\n<p class=\"has-kb-palette-6-color has-text-color has-link-color wp-elements-e54fde1594cbea66095c75eb0e9d4b2a\">Installation de logiciels standards : AYRILYS seul<\/p>\n\n\n\n<p>Il s\u2019agit de logiciels dont l\u2019installation est longue et complexe mais qui ne n\u00e9cessitent pas l\u2019intervention de l\u2019\u00e9diteur.<\/p>\n\n\n\n<p>\u2425 Serveur de messagerie<br>\u2425 Base de donn\u00e9es Microsoft SQL Server<br>\u2425 Logiciels de bureaique<br>\u2425 Logiciels de traitement graphique : Adobe, Autocad\u2026<br>AYRILYS valide cependant aupr\u00e8s du fournisseur de logiciels la compatibilit\u00e9 des nouveaux logiciels avec les logiciels existants.<\/p>\n\n\n\n<p>Par ailleurs, dans certains secteurs sp\u00e9cifiques comme celui de la sant\u00e9 notamment, AYRILYS \u00e9dite au moment de l\u2019installation des rapports de conformit\u00e9 des logiciels indispensables \u00e0 leurs mises en activit\u00e9.<\/p>\n\n\n\n<p>Personnalisation de logiciels : une double intervention AYRILYS-\u00e9diteur<\/p>\n\n\n\n<p>Cette intervention de l\u2019\u00e9diteur est requise uniquement lorsque les besoins du client n\u00e9cessitent une personnalisation de l\u2019outil et donc une configuration sp\u00e9cifique.<\/p>\n\n\n\n<p>\u2425 Logiciels comptabilit\u00e9-gestion<br>\u2425 Logiciels de logistique<br>\u2425 Logiciels de CRM<br>\u2425 Logiciels de gestion commerciale<\/p>\n\n\n\n<p class=\"has-kb-palette-6-color has-text-color has-link-color wp-elements-02cc33c6f2808c59ec7376598e69b1eb\"><br>Vous voulez acheter un nouveau logiciel ou une nouvelle version ?<\/p>\n\n\n\n<p>AYRILYS vous conseille et vous accompagne dans votre achat en 5 \u00e9tapes.<\/p>\n\n\n\n<p>Nous analysons les logiciels existants et l\u2019\u00e9volution de vos besoins<br>Nous s\u00e9lectionnons le logiciel le plus adapt\u00e9<br>Nous v\u00e9rifions la compatibilit\u00e9 de l\u2019int\u00e9gration de ce logiciel dans le syst\u00e8me existant<br>Nous installons et param\u00e9trons le nouveau logiciel ou la nouvelle version : bureautique, m\u00e9tier, antivirus, anti spam\u2026<br>Nous vous formons et vous accompagnons dans sa prise en main<br>\u2b17 Comment r\u00e9duire les temps d\u2019installation de la derni\u00e8re version d\u2019un logiciel ?<br>\u2b17 Qui installe un nouveau logiciel quand l\u2019\u00e9diteur ne s\u2019en charge pas ?<br>\u2b17 Vais-je prendre le risque de le faire installer par un collaborateur \u00ab geek \u00bb ?<br>\u2b17 Comment acc\u00e9l\u00e9rer la prise en main du nouvel logiciel par les collaborateurs ?<br>\u2b17 Combien va me co\u00fbter cette installation sur tous les postes de l\u2019entreprise ?<\/p>\n","protected":false},"excerpt":{"rendered":"<p>INSTALLATION DE LOGICIELS AYRILYS installe vos logiciels bureautique, m\u00e9tier et de monitoring des t\u00e9l\u00e9phones. Il installe et param\u00e8tre vos antivirus et configure le contr\u00f4le d\u2019acc\u00e8s aux donn\u00e9es en fonction des statuts des salari\u00e9s Installation de logiciels standards : AYRILYS seul Il s\u2019agit de logiciels dont l\u2019installation est longue et complexe mais qui ne n\u00e9cessitent pas&#8230;<\/p>\n","protected":false},"author":1,"featured_media":0,"parent":0,"menu_order":0,"comment_status":"closed","ping_status":"closed","template":"","meta":{"_kadence_starter_templates_imported_post":false,"_kad_post_transparent":"","_kad_post_title":"","_kad_post_layout":"","_kad_post_sidebar_id":"","_kad_post_content_style":"","_kad_post_vertical_padding":"","_kad_post_feature":"","_kad_post_feature_position":"","_kad_post_header":false,"_kad_post_footer":false,"_kad_post_classname":"","footnotes":""},"class_list":["post-226","page","type-page","status-publish","hentry"],"yoast_head":"<!-- This site is optimized with the Yoast SEO Premium plugin v25.8 (Yoast SEO v26.0) - https:\/\/yoast.com\/wordpress\/plugins\/seo\/ -->\r\n<title>Conseil Prestataire Informatique pour PME : Personnalisation de Logiciels - Prestataire informatique Viroflay en r\u00e9gion parisienne depuis 2003 pour les PME\/PMI<\/title>\r\n<meta name=\"description\" content=\"Conseils pour choisir le bon prestataire informatique pour votre PME. AYRILYS vous aide \u00e0 installer et configurer vos logiciels, antivirus et contr\u00f4le d&#039;acc\u00e8s aux donn\u00e9es.\" \/>\r\n<meta name=\"robots\" content=\"index, follow, max-snippet:-1, max-image-preview:large, max-video-preview:-1\" \/>\r\n<link rel=\"canonical\" href=\"https:\/\/ayrilys.com\/index.php\/software\/\" \/>\r\n<meta property=\"og:locale\" content=\"fr_FR\" \/>\r\n<meta property=\"og:type\" content=\"article\" \/>\r\n<meta property=\"og:title\" content=\"Software\" \/>\r\n<meta property=\"og:description\" content=\"Conseils pour choisir le bon prestataire informatique pour votre PME. AYRILYS vous aide \u00e0 installer et configurer vos logiciels, antivirus et contr\u00f4le d&#039;acc\u00e8s aux donn\u00e9es.\" \/>\r\n<meta property=\"og:url\" content=\"https:\/\/ayrilys.com\/index.php\/software\/\" \/>\r\n<meta property=\"og:site_name\" content=\"Prestataire informatique Viroflay en r\u00e9gion parisienne depuis 2003 pour les PME\/PMI\" \/>\r\n<meta property=\"article:publisher\" content=\"https:\/\/www.facebook.com\/profile.php?id=61563219240658\" \/>\r\n<meta property=\"article:modified_time\" content=\"2024-12-05T18:40:15+00:00\" \/>\r\n<meta property=\"og:image\" content=\"https:\/\/ayrilys.com\/wp-content\/uploads\/2024\/07\/Illustration-8-1-1024x556.jpg\" \/>\r\n<meta name=\"twitter:card\" content=\"summary_large_image\" \/>\r\n<meta name=\"twitter:site\" content=\"@Ayrilys165097\" \/>\r\n<meta name=\"twitter:label1\" content=\"Dur\u00e9e de lecture estim\u00e9e\" \/>\n\t<meta name=\"twitter:data1\" content=\"2 minutes\" \/>\r\n<script type=\"application\/ld+json\" class=\"yoast-schema-graph\">{\"@context\":\"https:\/\/schema.org\",\"@graph\":[{\"@type\":\"WebPage\",\"@id\":\"https:\/\/ayrilys.com\/index.php\/software\/\",\"url\":\"https:\/\/ayrilys.com\/index.php\/software\/\",\"name\":\"Conseil Prestataire Informatique pour PME : Personnalisation de Logiciels - Prestataire informatique Viroflay en r\u00e9gion parisienne depuis 2003 pour les PME\/PMI\",\"isPartOf\":{\"@id\":\"https:\/\/ayrilys.com\/#website\"},\"primaryImageOfPage\":{\"@id\":\"https:\/\/ayrilys.com\/index.php\/software\/#primaryimage\"},\"image\":{\"@id\":\"https:\/\/ayrilys.com\/index.php\/software\/#primaryimage\"},\"thumbnailUrl\":\"https:\/\/ayrilys.com\/wp-content\/uploads\/2024\/07\/Illustration-8-1-1024x556.jpg\",\"datePublished\":\"2024-07-10T17:25:30+00:00\",\"dateModified\":\"2024-12-05T18:40:15+00:00\",\"description\":\"Conseils pour choisir le bon prestataire informatique pour votre PME. AYRILYS vous aide \u00e0 installer et configurer vos logiciels, antivirus et contr\u00f4le d'acc\u00e8s aux donn\u00e9es.\",\"breadcrumb\":{\"@id\":\"https:\/\/ayrilys.com\/index.php\/software\/#breadcrumb\"},\"inLanguage\":\"fr-FR\",\"potentialAction\":[{\"@type\":\"ReadAction\",\"target\":[\"https:\/\/ayrilys.com\/index.php\/software\/\"]}]},{\"@type\":\"ImageObject\",\"inLanguage\":\"fr-FR\",\"@id\":\"https:\/\/ayrilys.com\/index.php\/software\/#primaryimage\",\"url\":\"https:\/\/ayrilys.com\/wp-content\/uploads\/2024\/07\/Illustration-8-1-scaled.jpg\",\"contentUrl\":\"https:\/\/ayrilys.com\/wp-content\/uploads\/2024\/07\/Illustration-8-1-scaled.jpg\",\"width\":2560,\"height\":1390},{\"@type\":\"BreadcrumbList\",\"@id\":\"https:\/\/ayrilys.com\/index.php\/software\/#breadcrumb\",\"itemListElement\":[{\"@type\":\"ListItem\",\"position\":1,\"name\":\"Accueil\",\"item\":\"https:\/\/ayrilys.com\/\"},{\"@type\":\"ListItem\",\"position\":2,\"name\":\"Software\"}]},{\"@type\":\"WebSite\",\"@id\":\"https:\/\/ayrilys.com\/#website\",\"url\":\"https:\/\/ayrilys.com\/\",\"name\":\"Ayrilys prestataire informatique infog\u00e9rance PME TPE MSP depuis 2003 sur Viroflay\",\"description\":\"Prestataire informatique Viroflay en r\u00e9gion parisienne PME TPE  ile de France depuis plus de 20 ans\",\"publisher\":{\"@id\":\"https:\/\/ayrilys.com\/#organization\"},\"alternateName\":\"Ayriliys infog\u00e9rance fournisseur de services manag\u00e9s MSP PME TPE Viroflay\",\"potentialAction\":[{\"@type\":\"SearchAction\",\"target\":{\"@type\":\"EntryPoint\",\"urlTemplate\":\"https:\/\/ayrilys.com\/?s={search_term_string}\"},\"query-input\":{\"@type\":\"PropertyValueSpecification\",\"valueRequired\":true,\"valueName\":\"search_term_string\"}}],\"inLanguage\":\"fr-FR\"},{\"@type\":\"Organization\",\"@id\":\"https:\/\/ayrilys.com\/#organization\",\"name\":\"Ayrilys\",\"url\":\"https:\/\/ayrilys.com\/\",\"logo\":{\"@type\":\"ImageObject\",\"inLanguage\":\"fr-FR\",\"@id\":\"https:\/\/ayrilys.com\/#\/schema\/logo\/image\/\",\"url\":\"https:\/\/ayrilys.com\/wp-content\/uploads\/2024\/07\/Ayrilys-Logo-V1.png\",\"contentUrl\":\"https:\/\/ayrilys.com\/wp-content\/uploads\/2024\/07\/Ayrilys-Logo-V1.png\",\"width\":119,\"height\":64,\"caption\":\"Ayrilys\"},\"image\":{\"@id\":\"https:\/\/ayrilys.com\/#\/schema\/logo\/image\/\"},\"sameAs\":[\"https:\/\/www.facebook.com\/profile.php?id=61563219240658\",\"https:\/\/x.com\/Ayrilys165097\"],\"description\":\"Prestataire informatique depuis plus de 20 ans pour les PME et TPE\",\"email\":\"ayrilys@ayrilys.com\",\"telephone\":\"+33139242197\",\"legalName\":\"Ayrilys\",\"foundingDate\":\"2003-01-01\",\"vatID\":\"FR90449159011\",\"taxID\":\"44915901100013\",\"numberOfEmployees\":{\"@type\":\"QuantitativeValue\",\"minValue\":\"1\",\"maxValue\":\"10\"}}]}<\/script>\r\n<!-- \/ Yoast SEO Premium plugin. -->","yoast_head_json":{"title":"Conseil Prestataire Informatique pour PME : Personnalisation de Logiciels - Prestataire informatique Viroflay en r\u00e9gion parisienne depuis 2003 pour les PME\/PMI","description":"Conseils pour choisir le bon prestataire informatique pour votre PME. AYRILYS vous aide \u00e0 installer et configurer vos logiciels, antivirus et contr\u00f4le d'acc\u00e8s aux donn\u00e9es.","robots":{"index":"index","follow":"follow","max-snippet":"max-snippet:-1","max-image-preview":"max-image-preview:large","max-video-preview":"max-video-preview:-1"},"canonical":"https:\/\/ayrilys.com\/index.php\/software\/","og_locale":"fr_FR","og_type":"article","og_title":"Software","og_description":"Conseils pour choisir le bon prestataire informatique pour votre PME. AYRILYS vous aide \u00e0 installer et configurer vos logiciels, antivirus et contr\u00f4le d'acc\u00e8s aux donn\u00e9es.","og_url":"https:\/\/ayrilys.com\/index.php\/software\/","og_site_name":"Prestataire informatique Viroflay en r\u00e9gion parisienne depuis 2003 pour les PME\/PMI","article_publisher":"https:\/\/www.facebook.com\/profile.php?id=61563219240658","article_modified_time":"2024-12-05T18:40:15+00:00","og_image":[{"url":"https:\/\/ayrilys.com\/wp-content\/uploads\/2024\/07\/Illustration-8-1-1024x556.jpg","type":"","width":"","height":""}],"twitter_card":"summary_large_image","twitter_site":"@Ayrilys165097","twitter_misc":{"Dur\u00e9e de lecture estim\u00e9e":"2 minutes"},"schema":{"@context":"https:\/\/schema.org","@graph":[{"@type":"WebPage","@id":"https:\/\/ayrilys.com\/index.php\/software\/","url":"https:\/\/ayrilys.com\/index.php\/software\/","name":"Conseil Prestataire Informatique pour PME : Personnalisation de Logiciels - Prestataire informatique Viroflay en r\u00e9gion parisienne depuis 2003 pour les PME\/PMI","isPartOf":{"@id":"https:\/\/ayrilys.com\/#website"},"primaryImageOfPage":{"@id":"https:\/\/ayrilys.com\/index.php\/software\/#primaryimage"},"image":{"@id":"https:\/\/ayrilys.com\/index.php\/software\/#primaryimage"},"thumbnailUrl":"https:\/\/ayrilys.com\/wp-content\/uploads\/2024\/07\/Illustration-8-1-1024x556.jpg","datePublished":"2024-07-10T17:25:30+00:00","dateModified":"2024-12-05T18:40:15+00:00","description":"Conseils pour choisir le bon prestataire informatique pour votre PME. AYRILYS vous aide \u00e0 installer et configurer vos logiciels, antivirus et contr\u00f4le d'acc\u00e8s aux donn\u00e9es.","breadcrumb":{"@id":"https:\/\/ayrilys.com\/index.php\/software\/#breadcrumb"},"inLanguage":"fr-FR","potentialAction":[{"@type":"ReadAction","target":["https:\/\/ayrilys.com\/index.php\/software\/"]}]},{"@type":"ImageObject","inLanguage":"fr-FR","@id":"https:\/\/ayrilys.com\/index.php\/software\/#primaryimage","url":"https:\/\/ayrilys.com\/wp-content\/uploads\/2024\/07\/Illustration-8-1-scaled.jpg","contentUrl":"https:\/\/ayrilys.com\/wp-content\/uploads\/2024\/07\/Illustration-8-1-scaled.jpg","width":2560,"height":1390},{"@type":"BreadcrumbList","@id":"https:\/\/ayrilys.com\/index.php\/software\/#breadcrumb","itemListElement":[{"@type":"ListItem","position":1,"name":"Accueil","item":"https:\/\/ayrilys.com\/"},{"@type":"ListItem","position":2,"name":"Software"}]},{"@type":"WebSite","@id":"https:\/\/ayrilys.com\/#website","url":"https:\/\/ayrilys.com\/","name":"Ayrilys prestataire informatique infog\u00e9rance PME TPE MSP depuis 2003 sur Viroflay","description":"Prestataire informatique Viroflay en r\u00e9gion parisienne PME TPE  ile de France depuis plus de 20 ans","publisher":{"@id":"https:\/\/ayrilys.com\/#organization"},"alternateName":"Ayriliys infog\u00e9rance fournisseur de services manag\u00e9s MSP PME TPE Viroflay","potentialAction":[{"@type":"SearchAction","target":{"@type":"EntryPoint","urlTemplate":"https:\/\/ayrilys.com\/?s={search_term_string}"},"query-input":{"@type":"PropertyValueSpecification","valueRequired":true,"valueName":"search_term_string"}}],"inLanguage":"fr-FR"},{"@type":"Organization","@id":"https:\/\/ayrilys.com\/#organization","name":"Ayrilys","url":"https:\/\/ayrilys.com\/","logo":{"@type":"ImageObject","inLanguage":"fr-FR","@id":"https:\/\/ayrilys.com\/#\/schema\/logo\/image\/","url":"https:\/\/ayrilys.com\/wp-content\/uploads\/2024\/07\/Ayrilys-Logo-V1.png","contentUrl":"https:\/\/ayrilys.com\/wp-content\/uploads\/2024\/07\/Ayrilys-Logo-V1.png","width":119,"height":64,"caption":"Ayrilys"},"image":{"@id":"https:\/\/ayrilys.com\/#\/schema\/logo\/image\/"},"sameAs":["https:\/\/www.facebook.com\/profile.php?id=61563219240658","https:\/\/x.com\/Ayrilys165097"],"description":"Prestataire informatique depuis plus de 20 ans pour les PME et TPE","email":"ayrilys@ayrilys.com","telephone":"+33139242197","legalName":"Ayrilys","foundingDate":"2003-01-01","vatID":"FR90449159011","taxID":"44915901100013","numberOfEmployees":{"@type":"QuantitativeValue","minValue":"1","maxValue":"10"}}]}},"jetpack_sharing_enabled":true,"jetpack_likes_enabled":true,"jetpack-related-posts":[],"_links":{"self":[{"href":"https:\/\/ayrilys.com\/index.php\/wp-json\/wp\/v2\/pages\/226","targetHints":{"allow":["GET"]}}],"collection":[{"href":"https:\/\/ayrilys.com\/index.php\/wp-json\/wp\/v2\/pages"}],"about":[{"href":"https:\/\/ayrilys.com\/index.php\/wp-json\/wp\/v2\/types\/page"}],"author":[{"embeddable":true,"href":"https:\/\/ayrilys.com\/index.php\/wp-json\/wp\/v2\/users\/1"}],"replies":[{"embeddable":true,"href":"https:\/\/ayrilys.com\/index.php\/wp-json\/wp\/v2\/comments?post=226"}],"version-history":[{"count":3,"href":"https:\/\/ayrilys.com\/index.php\/wp-json\/wp\/v2\/pages\/226\/revisions"}],"predecessor-version":[{"id":387,"href":"https:\/\/ayrilys.com\/index.php\/wp-json\/wp\/v2\/pages\/226\/revisions\/387"}],"wp:attachment":[{"href":"https:\/\/ayrilys.com\/index.php\/wp-json\/wp\/v2\/media?parent=226"}],"curies":[{"name":"wp","href":"https:\/\/api.w.org\/{rel}","templated":true}]}}