{"id":804,"date":"2024-09-10T10:23:12","date_gmt":"2024-09-10T08:23:12","guid":{"rendered":"https:\/\/ayrilys.com\/?page_id=804"},"modified":"2024-12-05T19:27:03","modified_gmt":"2024-12-05T18:27:03","slug":"produits-informatique-nettoyage-pc-vpn-sstp","status":"publish","type":"page","link":"https:\/\/ayrilys.com\/index.php\/produits-informatique-nettoyage-pc-vpn-sstp\/","title":{"rendered":"Produits"},"content":{"rendered":"\n<p class=\"has-text-align-center has-theme-palette-6-color has-text-color has-link-color wp-elements-600aa0f1a05af250d6b299731b5ed1fd\" style=\"font-size:24px\">AYRILYS, g\u00e9n\u00e9raliste de l&rsquo;installation et de la maintenance des Syst\u00e8mes, R\u00e9seaux et T\u00e9l\u00e9coms.<\/p>\n\n\n\n<p class=\"has-text-align-center has-theme-palette-6-color has-text-color has-link-color wp-elements-9dc161d6303eeeca3542b81467d4ee09\" style=\"font-size:20px\"><strong>NOS PRODUITS<\/strong><\/p>\n\n\n<style>.wp-block-kadence-advancedbtn.kb-btns804_3eb14c-2b{gap:var(--global-kb-gap-xs, 0.5rem );justify-content:center;align-items:center;}.kt-btns804_3eb14c-2b .kt-button{font-weight:normal;font-style:normal;}.kt-btns804_3eb14c-2b .kt-btn-wrap-0{margin-right:5px;}.wp-block-kadence-advancedbtn.kt-btns804_3eb14c-2b .kt-btn-wrap-0 .kt-button{color:#555555;border-color:#555555;}.wp-block-kadence-advancedbtn.kt-btns804_3eb14c-2b .kt-btn-wrap-0 .kt-button:hover, .wp-block-kadence-advancedbtn.kt-btns804_3eb14c-2b .kt-btn-wrap-0 .kt-button:focus{color:#ffffff;border-color:#444444;}.wp-block-kadence-advancedbtn.kt-btns804_3eb14c-2b .kt-btn-wrap-0 .kt-button::before{display:none;}.wp-block-kadence-advancedbtn.kt-btns804_3eb14c-2b .kt-btn-wrap-0 .kt-button:hover, .wp-block-kadence-advancedbtn.kt-btns804_3eb14c-2b .kt-btn-wrap-0 .kt-button:focus{background:#444444;}<\/style>\n<div class=\"wp-block-kadence-advancedbtn kb-buttons-wrap kb-btns804_3eb14c-2b\"><style>.wp-block-kadence-advancedbtn .kb-btn804_db59f0-2a.kb-button, ul.menu .wp-block-kadence-advancedbtn .kb-btn804_db59f0-2a.kb-button{width:432px;}.wp-block-kadence-advancedbtn .kb-btn804_db59f0-2a.kb-button{color:var(--global-palette9, #ffffff);background:#982a51;}<\/style><a class=\"kb-button kt-button button kb-btn804_db59f0-2a kt-btn-size-standard kt-btn-width-type-fixed kb-btn-global-fill  kt-btn-has-text-true kt-btn-has-svg-false  wp-block-kadence-singlebtn\" href=\"https:\/\/dpe.systeme.io\/fd225bd0-35fe5af1-9d0a2d7d-cb535e96\" target=\"_blank\" rel=\"noreferrer noopener\"><span class=\"kt-btn-inner-text\">Support en Informatique<br>Inclus 20 mn de support<\/span><\/a><\/div>\n\n\n<style>.wp-block-kadence-advancedbtn.kb-btns804_86d2b5-67{gap:var(--global-kb-gap-xs, 0.5rem );justify-content:center;align-items:center;}.kt-btns804_86d2b5-67 .kt-button{font-weight:normal;font-style:normal;}.kt-btns804_86d2b5-67 .kt-btn-wrap-0{margin-right:5px;}.wp-block-kadence-advancedbtn.kt-btns804_86d2b5-67 .kt-btn-wrap-0 .kt-button{color:#555555;border-color:#555555;}.wp-block-kadence-advancedbtn.kt-btns804_86d2b5-67 .kt-btn-wrap-0 .kt-button:hover, .wp-block-kadence-advancedbtn.kt-btns804_86d2b5-67 .kt-btn-wrap-0 .kt-button:focus{color:#ffffff;border-color:#444444;}.wp-block-kadence-advancedbtn.kt-btns804_86d2b5-67 .kt-btn-wrap-0 .kt-button::before{display:none;}.wp-block-kadence-advancedbtn.kt-btns804_86d2b5-67 .kt-btn-wrap-0 .kt-button:hover, .wp-block-kadence-advancedbtn.kt-btns804_86d2b5-67 .kt-btn-wrap-0 .kt-button:focus{background:#444444;}<\/style>\n<div class=\"wp-block-kadence-advancedbtn kb-buttons-wrap kb-btns804_86d2b5-67\"><style>ul.menu .wp-block-kadence-advancedbtn .kb-btn804_1172dc-97.kb-button{width:initial;}.wp-block-kadence-advancedbtn .kb-btn804_1172dc-97.kb-button{background:#982a51;}<\/style><a class=\"kb-button kt-button button kb-btn804_1172dc-97 kt-btn-size-standard kt-btn-width-type-auto kb-btn-global-fill  kt-btn-has-text-true kt-btn-has-svg-false  wp-block-kadence-singlebtn\" href=\"https:\/\/ayrilys.com\/index.php\/le-vpn-via-https-le-port-443-utilise-pour-la-navigation-internet-securisee\/\" target=\"_blank\" rel=\"noreferrer noopener\"><span class=\"kt-btn-inner-text\">VPN pour s\u00e9curiser les PC travaillant \u00e0 distance<br>VPN fiable pas de configuration 100 % fran\u00e7ais<\/span><\/a><\/div>\n\n\n<style>.wp-block-kadence-advancedbtn.kb-btns804_964a94-9c{gap:var(--global-kb-gap-xs, 0.5rem );justify-content:center;align-items:center;}.kt-btns804_964a94-9c .kt-button{font-weight:normal;font-style:normal;}.kt-btns804_964a94-9c .kt-btn-wrap-0{margin-right:5px;}.wp-block-kadence-advancedbtn.kt-btns804_964a94-9c .kt-btn-wrap-0 .kt-button{color:#555555;border-color:#555555;}.wp-block-kadence-advancedbtn.kt-btns804_964a94-9c .kt-btn-wrap-0 .kt-button:hover, .wp-block-kadence-advancedbtn.kt-btns804_964a94-9c .kt-btn-wrap-0 .kt-button:focus{color:#ffffff;border-color:#444444;}.wp-block-kadence-advancedbtn.kt-btns804_964a94-9c .kt-btn-wrap-0 .kt-button::before{display:none;}.wp-block-kadence-advancedbtn.kt-btns804_964a94-9c .kt-btn-wrap-0 .kt-button:hover, .wp-block-kadence-advancedbtn.kt-btns804_964a94-9c .kt-btn-wrap-0 .kt-button:focus{background:#444444;}<\/style>\n<div class=\"wp-block-kadence-advancedbtn kb-buttons-wrap kb-btns804_964a94-9c\"><style>ul.menu .wp-block-kadence-advancedbtn .kb-btn804_4d591f-ab.kb-button{width:initial;}.wp-block-kadence-advancedbtn .kb-btn804_4d591f-ab.kb-button{background:#982a51;}<\/style><a class=\"kb-button kt-button button kb-btn804_4d591f-ab kt-btn-size-standard kt-btn-width-type-auto kb-btn-global-fill  kt-btn-has-text-true kt-btn-has-svg-false  wp-block-kadence-singlebtn\" href=\"https:\/\/dpe.systeme.io\/fd225bd0-35fe5af1-9d0a2d7d\" target=\"_blank\" rel=\"noreferrer noopener\"><span class=\"kt-btn-inner-text\">Nettoyer automatiquement votre PC sous Windows tous les mois<br>Optimiser votre espace disque<br>Am\u00e9liorer la performance de votre PC<\/span><\/a><\/div>\n\n\n\n<p class=\"has-text-align-center has-theme-palette-6-color has-text-color has-link-color wp-elements-027c67fc95959a97833b6585d72b1a41\" style=\"font-size:20px\"><strong>DEVIS<\/strong><\/p>\n\n\n<style>.wp-block-kadence-advancedbtn.kb-btns804_4e7529-c6{gap:var(--global-kb-gap-xs, 0.5rem );justify-content:center;align-items:center;}.kt-btns804_4e7529-c6 .kt-button{font-weight:normal;font-style:normal;}.kt-btns804_4e7529-c6 .kt-btn-wrap-0{margin-right:5px;}.wp-block-kadence-advancedbtn.kt-btns804_4e7529-c6 .kt-btn-wrap-0 .kt-button{color:#555555;border-color:#555555;}.wp-block-kadence-advancedbtn.kt-btns804_4e7529-c6 .kt-btn-wrap-0 .kt-button:hover, .wp-block-kadence-advancedbtn.kt-btns804_4e7529-c6 .kt-btn-wrap-0 .kt-button:focus{color:#ffffff;border-color:#444444;}.wp-block-kadence-advancedbtn.kt-btns804_4e7529-c6 .kt-btn-wrap-0 .kt-button::before{display:none;}.wp-block-kadence-advancedbtn.kt-btns804_4e7529-c6 .kt-btn-wrap-0 .kt-button:hover, .wp-block-kadence-advancedbtn.kt-btns804_4e7529-c6 .kt-btn-wrap-0 .kt-button:focus{background:#444444;}<\/style>\n<div class=\"wp-block-kadence-advancedbtn kb-buttons-wrap kb-btns804_4e7529-c6\"><style>.wp-block-kadence-advancedbtn .kb-btn804_2bc7f3-67.kb-button, ul.menu .wp-block-kadence-advancedbtn .kb-btn804_2bc7f3-67.kb-button{width:451px;}.wp-block-kadence-advancedbtn .kb-btn804_2bc7f3-67.kb-button{background:#982a51;}<\/style><a class=\"kb-button kt-button button kb-btn804_2bc7f3-67 kt-btn-size-standard kt-btn-width-type-fixed kb-btn-global-fill  kt-btn-has-text-true kt-btn-has-svg-false  wp-block-kadence-singlebtn\" href=\"https:\/\/ayrilys.com\/index.php\/demande-de-devis\/\" target=\"_blank\" rel=\"noreferrer noopener\"><span class=\"kt-btn-inner-text\">Demande de devis<\/span><\/a><\/div>\n\n\n\n<div class=\"wp-block-columns are-vertically-aligned-center is-layout-flex wp-container-core-columns-is-layout-1 wp-block-columns-is-layout-flex\">\n<div class=\"wp-block-column is-vertically-aligned-center is-layout-flow wp-block-column-is-layout-flow\" style=\"flex-basis:100%\">\n<figure class=\"wp-block-image size-full is-resized has-custom-border\"><img loading=\"lazy\" decoding=\"async\" width=\"1181\" height=\"1772\" src=\"https:\/\/ayrilys.com\/wp-content\/uploads\/2024\/07\/illustration-1.jpg\" alt=\"\" class=\"wp-image-9\" style=\"border-style:none;border-width:0px;width:500px\"\/><\/figure>\n<\/div>\n<\/div>\n\n\n\n<p class=\"has-text-align-center has-theme-palette-6-color has-text-color has-link-color wp-elements-818fb77d146ecc08ef62444720715515\" style=\"font-size:22px\">AYRILYS, de Syst\u00e8me d&rsquo;Information \u00e0 Syst\u00e8me R\u00e9seau et T\u00e9l\u00e9com<\/p>\n\n\n\n<p>AYRILYS propose depuis sa cr\u00e9ation en 2003 par Daniel PECHEUR un service d\u2019assistance en syst\u00e8me d\u2019information. Cette prestation s\u2019adresse aux PME-PMI qui n\u2019ont ni les ressources, ni les besoins ou tout simplement pas la volont\u00e9 d\u2019int\u00e9grer cette expertise en interne.<\/p>\n\n\n\n<p>Et depuis plus de 20 ans maintenant, AYRILYS propose \u00e9galement un service de t\u00e9l\u00e9phonie. En effet, en 2008, \u00e0 la demande de certains de ses clients dont les installations t\u00e9l\u00e9phoniques sont vieillissantes l\u2019entreprise d\u00e9veloppe la voix sur IP. Apr\u00e8s des \u00e9tudes et des tests pour fiabiliser les installations, il d\u00e9ploie une offre performante et s\u00e9curis\u00e9e VoIP et ToIP.<\/p>\n\n\n\n<p>AYRILYS se positionne comme un prestataire en Syst\u00e8mes, R\u00e9seaux &amp; T\u00e9l\u00e9coms et r\u00e9affirme sa mission de Directeur des Syst\u00e8mes d\u2019Information et de T\u00e9l\u00e9coms (DSIT) partag\u00e9.<\/p>\n\n\n\n<p>Une confiance r\u00e9affirm\u00e9e<\/p>\n\n\n\n<p>Aujourd\u2019hui, AYRILYS compte cinq personnes sp\u00e9cialis\u00e9es en Syst\u00e8mes, R\u00e9seaux et T\u00e9l\u00e9coms. Aujourd\u2019hui, les clients sont satisfaits et ont r\u00e9it\u00e9r\u00e9 leur confiance en AYRILYS, de nouveaux clients viennent enrichir chaque mois le portefeuille d\u2019AYRILYS clients et les personnels d\u2019AYRILYS poursuivent leur mont\u00e9e en expertise tant en syst\u00e8me d\u2019information, r\u00e9seaux qu\u2019en t\u00e9l\u00e9communications.<\/p>\n\n\n\n<p>Vous recherchez<br>\u2b17 Un prestataire proche de vous, qui vous \u00e9coute<br>\u2b17 Une entreprise qui r\u00e9agisse vite et intervienne dans la journ\u00e9e<br>\u2b17 Des prestations de service en informatique et t\u00e9l\u00e9coms performantes et abordables<br>\u2b17 Des experts qui prennent en compte les besoins des utilisateurs<br>\u2b17 Un partenaire qui v\u00e9rifie la compatibilit\u00e9 des nouveaux \u00e9quipements avant de les installer<\/p>\n","protected":false},"excerpt":{"rendered":"<p>AYRILYS, g\u00e9n\u00e9raliste de l&rsquo;installation et de la maintenance des Syst\u00e8mes, R\u00e9seaux et T\u00e9l\u00e9coms. NOS PRODUITS DEVIS AYRILYS, de Syst\u00e8me d&rsquo;Information \u00e0 Syst\u00e8me R\u00e9seau et T\u00e9l\u00e9com AYRILYS propose depuis sa cr\u00e9ation en 2003 par Daniel PECHEUR un service d\u2019assistance en syst\u00e8me d\u2019information. Cette prestation s\u2019adresse aux PME-PMI qui n\u2019ont ni les ressources, ni les besoins ou&#8230;<\/p>\n","protected":false},"author":1,"featured_media":0,"parent":0,"menu_order":0,"comment_status":"closed","ping_status":"closed","template":"","meta":{"_kadence_starter_templates_imported_post":false,"_kad_post_transparent":"","_kad_post_title":"","_kad_post_layout":"","_kad_post_sidebar_id":"","_kad_post_content_style":"","_kad_post_vertical_padding":"","_kad_post_feature":"","_kad_post_feature_position":"","_kad_post_header":false,"_kad_post_footer":false,"_kad_post_classname":"","footnotes":""},"class_list":["post-804","page","type-page","status-publish","hentry"],"yoast_head":"<!-- This site is optimized with the Yoast SEO Premium plugin v25.8 (Yoast SEO v26.0) - https:\/\/yoast.com\/wordpress\/plugins\/seo\/ -->\r\n<title>Prestation informatique : nettoyage PC, VPN, HTTPS, SSTP, SSL<\/title>\r\n<meta name=\"description\" content=\"AYRILYS vous offre un service complet en installation et maintenance de syst\u00e8mes d&#039;information, r\u00e9seaux et t\u00e9l\u00e9communications depuis plus de 20 ans.\" \/>\r\n<meta name=\"robots\" content=\"index, follow, max-snippet:-1, max-image-preview:large, max-video-preview:-1\" \/>\r\n<link rel=\"canonical\" href=\"https:\/\/ayrilys.com\/index.php\/produits-informatique-nettoyage-pc-vpn-sstp\/\" \/>\r\n<meta property=\"og:locale\" content=\"fr_FR\" \/>\r\n<meta property=\"og:type\" content=\"article\" \/>\r\n<meta property=\"og:title\" content=\"Produits\" \/>\r\n<meta property=\"og:description\" content=\"AYRILYS vous offre un service complet en installation et maintenance de syst\u00e8mes d&#039;information, r\u00e9seaux et t\u00e9l\u00e9communications depuis plus de 20 ans.\" \/>\r\n<meta property=\"og:url\" content=\"https:\/\/ayrilys.com\/index.php\/produits-informatique-nettoyage-pc-vpn-sstp\/\" \/>\r\n<meta property=\"og:site_name\" content=\"Prestataire informatique Viroflay en r\u00e9gion parisienne depuis 2003 pour les PME\/PMI\" \/>\r\n<meta property=\"article:publisher\" content=\"https:\/\/www.facebook.com\/profile.php?id=61563219240658\" \/>\r\n<meta property=\"article:modified_time\" content=\"2024-12-05T18:27:03+00:00\" \/>\r\n<meta property=\"og:image\" content=\"https:\/\/ayrilys.com\/wp-content\/uploads\/2024\/07\/illustration-1.jpg\" \/>\r\n<meta name=\"twitter:card\" content=\"summary_large_image\" \/>\r\n<meta name=\"twitter:site\" content=\"@Ayrilys165097\" \/>\r\n<meta name=\"twitter:label1\" content=\"Dur\u00e9e de lecture estim\u00e9e\" \/>\n\t<meta name=\"twitter:data1\" content=\"2 minutes\" \/>\r\n<script type=\"application\/ld+json\" class=\"yoast-schema-graph\">{\"@context\":\"https:\/\/schema.org\",\"@graph\":[{\"@type\":\"WebPage\",\"@id\":\"https:\/\/ayrilys.com\/index.php\/produits-informatique-nettoyage-pc-vpn-sstp\/\",\"url\":\"https:\/\/ayrilys.com\/index.php\/produits-informatique-nettoyage-pc-vpn-sstp\/\",\"name\":\"Prestation informatique : nettoyage PC, VPN, HTTPS, SSTP, SSL\",\"isPartOf\":{\"@id\":\"https:\/\/ayrilys.com\/#website\"},\"primaryImageOfPage\":{\"@id\":\"https:\/\/ayrilys.com\/index.php\/produits-informatique-nettoyage-pc-vpn-sstp\/#primaryimage\"},\"image\":{\"@id\":\"https:\/\/ayrilys.com\/index.php\/produits-informatique-nettoyage-pc-vpn-sstp\/#primaryimage\"},\"thumbnailUrl\":\"https:\/\/ayrilys.com\/wp-content\/uploads\/2024\/07\/illustration-1.jpg\",\"datePublished\":\"2024-09-10T08:23:12+00:00\",\"dateModified\":\"2024-12-05T18:27:03+00:00\",\"description\":\"AYRILYS vous offre un service complet en installation et maintenance de syst\u00e8mes d'information, r\u00e9seaux et t\u00e9l\u00e9communications depuis plus de 20 ans.\",\"breadcrumb\":{\"@id\":\"https:\/\/ayrilys.com\/index.php\/produits-informatique-nettoyage-pc-vpn-sstp\/#breadcrumb\"},\"inLanguage\":\"fr-FR\",\"potentialAction\":[{\"@type\":\"ReadAction\",\"target\":[\"https:\/\/ayrilys.com\/index.php\/produits-informatique-nettoyage-pc-vpn-sstp\/\"]}]},{\"@type\":\"ImageObject\",\"inLanguage\":\"fr-FR\",\"@id\":\"https:\/\/ayrilys.com\/index.php\/produits-informatique-nettoyage-pc-vpn-sstp\/#primaryimage\",\"url\":\"https:\/\/ayrilys.com\/wp-content\/uploads\/2024\/07\/illustration-1.jpg\",\"contentUrl\":\"https:\/\/ayrilys.com\/wp-content\/uploads\/2024\/07\/illustration-1.jpg\",\"width\":1181,\"height\":1772},{\"@type\":\"BreadcrumbList\",\"@id\":\"https:\/\/ayrilys.com\/index.php\/produits-informatique-nettoyage-pc-vpn-sstp\/#breadcrumb\",\"itemListElement\":[{\"@type\":\"ListItem\",\"position\":1,\"name\":\"Accueil\",\"item\":\"https:\/\/ayrilys.com\/\"},{\"@type\":\"ListItem\",\"position\":2,\"name\":\"Produits\"}]},{\"@type\":\"WebSite\",\"@id\":\"https:\/\/ayrilys.com\/#website\",\"url\":\"https:\/\/ayrilys.com\/\",\"name\":\"Ayrilys prestataire informatique infog\u00e9rance PME TPE MSP depuis 2003 sur Viroflay\",\"description\":\"Prestataire informatique Viroflay en r\u00e9gion parisienne PME TPE  ile de France depuis plus de 20 ans\",\"publisher\":{\"@id\":\"https:\/\/ayrilys.com\/#organization\"},\"alternateName\":\"Ayriliys infog\u00e9rance fournisseur de services manag\u00e9s MSP PME TPE Viroflay\",\"potentialAction\":[{\"@type\":\"SearchAction\",\"target\":{\"@type\":\"EntryPoint\",\"urlTemplate\":\"https:\/\/ayrilys.com\/?s={search_term_string}\"},\"query-input\":{\"@type\":\"PropertyValueSpecification\",\"valueRequired\":true,\"valueName\":\"search_term_string\"}}],\"inLanguage\":\"fr-FR\"},{\"@type\":\"Organization\",\"@id\":\"https:\/\/ayrilys.com\/#organization\",\"name\":\"Ayrilys\",\"url\":\"https:\/\/ayrilys.com\/\",\"logo\":{\"@type\":\"ImageObject\",\"inLanguage\":\"fr-FR\",\"@id\":\"https:\/\/ayrilys.com\/#\/schema\/logo\/image\/\",\"url\":\"https:\/\/ayrilys.com\/wp-content\/uploads\/2024\/07\/Ayrilys-Logo-V1.png\",\"contentUrl\":\"https:\/\/ayrilys.com\/wp-content\/uploads\/2024\/07\/Ayrilys-Logo-V1.png\",\"width\":119,\"height\":64,\"caption\":\"Ayrilys\"},\"image\":{\"@id\":\"https:\/\/ayrilys.com\/#\/schema\/logo\/image\/\"},\"sameAs\":[\"https:\/\/www.facebook.com\/profile.php?id=61563219240658\",\"https:\/\/x.com\/Ayrilys165097\"],\"description\":\"Prestataire informatique depuis plus de 20 ans pour les PME et TPE\",\"email\":\"ayrilys@ayrilys.com\",\"telephone\":\"+33139242197\",\"legalName\":\"Ayrilys\",\"foundingDate\":\"2003-01-01\",\"vatID\":\"FR90449159011\",\"taxID\":\"44915901100013\",\"numberOfEmployees\":{\"@type\":\"QuantitativeValue\",\"minValue\":\"1\",\"maxValue\":\"10\"}}]}<\/script>\r\n<!-- \/ Yoast SEO Premium plugin. -->","yoast_head_json":{"title":"Prestation informatique : nettoyage PC, VPN, HTTPS, SSTP, SSL","description":"AYRILYS vous offre un service complet en installation et maintenance de syst\u00e8mes d'information, r\u00e9seaux et t\u00e9l\u00e9communications depuis plus de 20 ans.","robots":{"index":"index","follow":"follow","max-snippet":"max-snippet:-1","max-image-preview":"max-image-preview:large","max-video-preview":"max-video-preview:-1"},"canonical":"https:\/\/ayrilys.com\/index.php\/produits-informatique-nettoyage-pc-vpn-sstp\/","og_locale":"fr_FR","og_type":"article","og_title":"Produits","og_description":"AYRILYS vous offre un service complet en installation et maintenance de syst\u00e8mes d'information, r\u00e9seaux et t\u00e9l\u00e9communications depuis plus de 20 ans.","og_url":"https:\/\/ayrilys.com\/index.php\/produits-informatique-nettoyage-pc-vpn-sstp\/","og_site_name":"Prestataire informatique Viroflay en r\u00e9gion parisienne depuis 2003 pour les PME\/PMI","article_publisher":"https:\/\/www.facebook.com\/profile.php?id=61563219240658","article_modified_time":"2024-12-05T18:27:03+00:00","og_image":[{"url":"https:\/\/ayrilys.com\/wp-content\/uploads\/2024\/07\/illustration-1.jpg","type":"","width":"","height":""}],"twitter_card":"summary_large_image","twitter_site":"@Ayrilys165097","twitter_misc":{"Dur\u00e9e de lecture estim\u00e9e":"2 minutes"},"schema":{"@context":"https:\/\/schema.org","@graph":[{"@type":"WebPage","@id":"https:\/\/ayrilys.com\/index.php\/produits-informatique-nettoyage-pc-vpn-sstp\/","url":"https:\/\/ayrilys.com\/index.php\/produits-informatique-nettoyage-pc-vpn-sstp\/","name":"Prestation informatique : nettoyage PC, VPN, HTTPS, SSTP, SSL","isPartOf":{"@id":"https:\/\/ayrilys.com\/#website"},"primaryImageOfPage":{"@id":"https:\/\/ayrilys.com\/index.php\/produits-informatique-nettoyage-pc-vpn-sstp\/#primaryimage"},"image":{"@id":"https:\/\/ayrilys.com\/index.php\/produits-informatique-nettoyage-pc-vpn-sstp\/#primaryimage"},"thumbnailUrl":"https:\/\/ayrilys.com\/wp-content\/uploads\/2024\/07\/illustration-1.jpg","datePublished":"2024-09-10T08:23:12+00:00","dateModified":"2024-12-05T18:27:03+00:00","description":"AYRILYS vous offre un service complet en installation et maintenance de syst\u00e8mes d'information, r\u00e9seaux et t\u00e9l\u00e9communications depuis plus de 20 ans.","breadcrumb":{"@id":"https:\/\/ayrilys.com\/index.php\/produits-informatique-nettoyage-pc-vpn-sstp\/#breadcrumb"},"inLanguage":"fr-FR","potentialAction":[{"@type":"ReadAction","target":["https:\/\/ayrilys.com\/index.php\/produits-informatique-nettoyage-pc-vpn-sstp\/"]}]},{"@type":"ImageObject","inLanguage":"fr-FR","@id":"https:\/\/ayrilys.com\/index.php\/produits-informatique-nettoyage-pc-vpn-sstp\/#primaryimage","url":"https:\/\/ayrilys.com\/wp-content\/uploads\/2024\/07\/illustration-1.jpg","contentUrl":"https:\/\/ayrilys.com\/wp-content\/uploads\/2024\/07\/illustration-1.jpg","width":1181,"height":1772},{"@type":"BreadcrumbList","@id":"https:\/\/ayrilys.com\/index.php\/produits-informatique-nettoyage-pc-vpn-sstp\/#breadcrumb","itemListElement":[{"@type":"ListItem","position":1,"name":"Accueil","item":"https:\/\/ayrilys.com\/"},{"@type":"ListItem","position":2,"name":"Produits"}]},{"@type":"WebSite","@id":"https:\/\/ayrilys.com\/#website","url":"https:\/\/ayrilys.com\/","name":"Ayrilys prestataire informatique infog\u00e9rance PME TPE MSP depuis 2003 sur Viroflay","description":"Prestataire informatique Viroflay en r\u00e9gion parisienne PME TPE  ile de France depuis plus de 20 ans","publisher":{"@id":"https:\/\/ayrilys.com\/#organization"},"alternateName":"Ayriliys infog\u00e9rance fournisseur de services manag\u00e9s MSP PME TPE Viroflay","potentialAction":[{"@type":"SearchAction","target":{"@type":"EntryPoint","urlTemplate":"https:\/\/ayrilys.com\/?s={search_term_string}"},"query-input":{"@type":"PropertyValueSpecification","valueRequired":true,"valueName":"search_term_string"}}],"inLanguage":"fr-FR"},{"@type":"Organization","@id":"https:\/\/ayrilys.com\/#organization","name":"Ayrilys","url":"https:\/\/ayrilys.com\/","logo":{"@type":"ImageObject","inLanguage":"fr-FR","@id":"https:\/\/ayrilys.com\/#\/schema\/logo\/image\/","url":"https:\/\/ayrilys.com\/wp-content\/uploads\/2024\/07\/Ayrilys-Logo-V1.png","contentUrl":"https:\/\/ayrilys.com\/wp-content\/uploads\/2024\/07\/Ayrilys-Logo-V1.png","width":119,"height":64,"caption":"Ayrilys"},"image":{"@id":"https:\/\/ayrilys.com\/#\/schema\/logo\/image\/"},"sameAs":["https:\/\/www.facebook.com\/profile.php?id=61563219240658","https:\/\/x.com\/Ayrilys165097"],"description":"Prestataire informatique depuis plus de 20 ans pour les PME et TPE","email":"ayrilys@ayrilys.com","telephone":"+33139242197","legalName":"Ayrilys","foundingDate":"2003-01-01","vatID":"FR90449159011","taxID":"44915901100013","numberOfEmployees":{"@type":"QuantitativeValue","minValue":"1","maxValue":"10"}}]}},"jetpack_sharing_enabled":true,"jetpack_likes_enabled":true,"jetpack-related-posts":[],"_links":{"self":[{"href":"https:\/\/ayrilys.com\/index.php\/wp-json\/wp\/v2\/pages\/804","targetHints":{"allow":["GET"]}}],"collection":[{"href":"https:\/\/ayrilys.com\/index.php\/wp-json\/wp\/v2\/pages"}],"about":[{"href":"https:\/\/ayrilys.com\/index.php\/wp-json\/wp\/v2\/types\/page"}],"author":[{"embeddable":true,"href":"https:\/\/ayrilys.com\/index.php\/wp-json\/wp\/v2\/users\/1"}],"replies":[{"embeddable":true,"href":"https:\/\/ayrilys.com\/index.php\/wp-json\/wp\/v2\/comments?post=804"}],"version-history":[{"count":1,"href":"https:\/\/ayrilys.com\/index.php\/wp-json\/wp\/v2\/pages\/804\/revisions"}],"predecessor-version":[{"id":805,"href":"https:\/\/ayrilys.com\/index.php\/wp-json\/wp\/v2\/pages\/804\/revisions\/805"}],"wp:attachment":[{"href":"https:\/\/ayrilys.com\/index.php\/wp-json\/wp\/v2\/media?parent=804"}],"curies":[{"name":"wp","href":"https:\/\/api.w.org\/{rel}","templated":true}]}}